{"id":2529,"date":"2022-07-06T17:08:23","date_gmt":"2022-07-06T22:08:23","guid":{"rendered":"https:\/\/ucach.mx\/?page_id=2529"},"modified":"2022-07-06T17:23:50","modified_gmt":"2022-07-06T22:23:50","slug":"diplomado-en-filosofia-de-la-cultura-e-intercultura","status":"publish","type":"page","link":"https:\/\/ucach.mx\/index.php\/diplomado-en-filosofia-de-la-cultura-e-intercultura\/","title":{"rendered":"DIPLOMADO EN FILOSOF\u00cdA DE LA CULTURA E INTERCULTURA"},"content":{"rendered":"<p>[et_pb_section fb_built=\u00bb1&#8243; _builder_version=\u00bb4.16&#8243; _module_preset=\u00bbdefault\u00bb background_color=\u00bb#f6f6f6&#8243; locked=\u00bboff\u00bb global_colors_info=\u00bb{}\u00bb theme_builder_area=\u00bbpost_content\u00bb][et_pb_row _builder_version=\u00bb4.16&#8243; _module_preset=\u00bbdefault\u00bb custom_padding=\u00bb56px|||||\u00bb global_colors_info=\u00bb{}\u00bb theme_builder_area=\u00bbpost_content\u00bb][et_pb_column type=\u00bb4_4&#8243; _builder_version=\u00bb4.16&#8243; _module_preset=\u00bbdefault\u00bb global_colors_info=\u00bb{}\u00bb theme_builder_area=\u00bbpost_content\u00bb][et_pb_text _builder_version=\u00bb4.17.4&#8243; _module_preset=\u00bbdefault\u00bb text_font=\u00bb|600|||||||\u00bb text_text_color=\u00bb#0C71C3&#8243; text_font_size=\u00bb36px\u00bb text_letter_spacing=\u00bb10px\u00bb text_line_height=\u00bb1.6em\u00bb text_orientation=\u00bbcenter\u00bb custom_margin=\u00bb||29px|||\u00bb custom_padding=\u00bb2px|||||\u00bb hover_enabled=\u00bb0&#8243; text_text_shadow_style=\u00bbpreset3&#8243; box_shadow_style=\u00bbpreset4&#8243; box_shadow_blur=\u00bb33px\u00bb box_shadow_spread=\u00bb-21px\u00bb box_shadow_color=\u00bb#0C71C3&#8243; global_colors_info=\u00bb{}\u00bb theme_builder_area=\u00bbpost_content\u00bb sticky_enabled=\u00bb0&#8243;]<\/p>\n<p style=\"text-align: center;\"><strong>DIPLOMADO EN FILOSOF\u00cdA DE LA CULTURA E INTERCULTURA<\/strong><\/p>\n<p>[\/et_pb_text][\/et_pb_column][\/et_pb_row][et_pb_row use_custom_gutter=\u00bbon\u00bb _builder_version=\u00bb4.16&#8243; _module_preset=\u00bbdefault\u00bb width=\u00bb98%\u00bb max_width=\u00bb1945px\u00bb custom_margin=\u00bb-63px|auto||auto||\u00bb global_colors_info=\u00bb{}\u00bb theme_builder_area=\u00bbpost_content\u00bb][et_pb_column type=\u00bb4_4&#8243; _builder_version=\u00bb4.16&#8243; _module_preset=\u00bbdefault\u00bb global_colors_info=\u00bb{}\u00bb theme_builder_area=\u00bbpost_content\u00bb][et_pb_divider color=\u00bb#fecc00&#8243; _builder_version=\u00bb4.16&#8243; _module_preset=\u00bbdefault\u00bb global_colors_info=\u00bb{}\u00bb theme_builder_area=\u00bbpost_content\u00bb][\/et_pb_divider][\/et_pb_column][\/et_pb_row][et_pb_row column_structure=\u00bb2_5,3_5&#8243; use_custom_gutter=\u00bbon\u00bb gutter_width=\u00bb1&#8243; _builder_version=\u00bb4.16&#8243; _module_preset=\u00bbdefault\u00bb max_width=\u00bb1138px\u00bb global_colors_info=\u00bb{}\u00bb theme_builder_area=\u00bbpost_content\u00bb][et_pb_column type=\u00bb2_5&#8243; _builder_version=\u00bb4.16&#8243; _module_preset=\u00bbdefault\u00bb global_colors_info=\u00bb{}\u00bb theme_builder_area=\u00bbpost_content\u00bb][et_pb_blurb title=\u00bbOBJETIVO\u00bb _builder_version=\u00bb4.17.4&#8243; _module_preset=\u00bbdefault\u00bb header_font=\u00bb|600|||||||\u00bb header_font_size=\u00bb22px\u00bb header_letter_spacing=\u00bb2px\u00bb background_color=\u00bb#FFFFFF\u00bb min_height=\u00bb379px\u00bb custom_padding=\u00bb25px|25px|25px|25px|false|false\u00bb animation_style=\u00bbslide\u00bb hover_enabled=\u00bb0&#8243; box_shadow_style=\u00bbpreset3&#8243; locked=\u00bboff\u00bb global_colors_info=\u00bb{}\u00bb theme_builder_area=\u00bbpost_content\u00bb sticky_enabled=\u00bb0&#8243;]<\/p>\n<p>Formar profesionales en filosof\u00eda Intercultural con base en conocimientos inter-trans-disciplinarios actualizados desde un enfoque integral orientado por la \u00e9tica dial\u00f3gica, capaces de identificar cr\u00edticamente los factores que han posibilitado la hegemon\u00eda de la cultura occidental y los que han impedido el proceso de la interculturalidad sim\u00e9trica en los espacios geogr\u00e1ficos y sociales donde la cultura occidental se ha impuesto a las culturas originarias del continente y de manera particular en la entidad<\/p>\n<p>[\/et_pb_blurb][\/et_pb_column][et_pb_column type=\u00bb3_5&#8243; _builder_version=\u00bb4.16&#8243; _module_preset=\u00bbdefault\u00bb global_colors_info=\u00bb{}\u00bb theme_builder_area=\u00bbpost_content\u00bb][et_pb_image src=\u00bbhttps:\/\/ucach.mx\/wp-content\/uploads\/2022\/07\/imagen-diplomado.jpeg\u00bb title_text=\u00bbimagen-diplomado\u00bb _builder_version=\u00bb4.17.4&#8243; _module_preset=\u00bbdefault\u00bb max_height=\u00bb379px\u00bb custom_margin=\u00bb3px|-41px|-2px|49px|false|false\u00bb custom_padding=\u00bb0px|||0px|false|false\u00bb animation_style=\u00bbslide\u00bb animation_direction=\u00bbright\u00bb hover_enabled=\u00bb0&#8243; global_colors_info=\u00bb{}\u00bb theme_builder_area=\u00bbpost_content\u00bb sticky_enabled=\u00bb0&#8243; align=\u00bbcenter\u00bb][\/et_pb_image][\/et_pb_column][\/et_pb_row][\/et_pb_section][et_pb_section fb_built=\u00bb1&#8243; _builder_version=\u00bb4.16&#8243; _module_preset=\u00bbdefault\u00bb locked=\u00bboff\u00bb global_colors_info=\u00bb{}\u00bb theme_builder_area=\u00bbpost_content\u00bb][et_pb_row column_structure=\u00bb1_2,1_2&#8243; _builder_version=\u00bb4.16&#8243; _module_preset=\u00bbdefault\u00bb custom_padding=\u00bb|||0px||\u00bb animation_style=\u00bbzoom\u00bb global_colors_info=\u00bb{}\u00bb theme_builder_area=\u00bbpost_content\u00bb][et_pb_column type=\u00bb1_2&#8243; _builder_version=\u00bb4.16&#8243; _module_preset=\u00bbdefault\u00bb global_colors_info=\u00bb{}\u00bb theme_builder_area=\u00bbpost_content\u00bb][et_pb_blurb _builder_version=\u00bb4.17.4&#8243; _module_preset=\u00bbdefault\u00bb custom_padding=\u00bb1px|||||\u00bb hover_enabled=\u00bb0&#8243; global_colors_info=\u00bb{}\u00bb theme_builder_area=\u00bbpost_content\u00bb sticky_enabled=\u00bb0&#8243;]<\/p>\n<blockquote>\n<h3><span style=\"color: #000080;\"><strong>Unidades de Aprendizaje<\/strong><\/span><\/h3>\n<ol>\n<li>El Reto de la Interculturalidad. Planteamiento General<\/li>\n<li>Antropolog\u00eda Cultural<\/li>\n<li>Filosof\u00eda de la Cultura<\/li>\n<li>Taller sobre Problemas Culturales e Interculturales<\/li>\n<li>Filosof\u00eda Intercultural<\/li>\n<li>\u00c9tica de la Cultura e Intercultura<\/li>\n<li>Seminario sobre Culturas Originarias de Mesoam\u00e9rica<\/li>\n<li>Cultura y Filosof\u00eda Maya<\/li>\n<li>Est\u00e9tica Intercultural<\/li>\n<\/ol>\n<\/blockquote>\n<p>[\/et_pb_blurb][\/et_pb_column][et_pb_column type=\u00bb1_2&#8243; _builder_version=\u00bb4.16&#8243; _module_preset=\u00bbdefault\u00bb global_colors_info=\u00bb{}\u00bb theme_builder_area=\u00bbpost_content\u00bb][et_pb_text _builder_version=\u00bb4.17.4&#8243; _module_preset=\u00bbdefault\u00bb hover_enabled=\u00bb0&#8243; global_colors_info=\u00bb{}\u00bb theme_builder_area=\u00bbpost_content\u00bb sticky_enabled=\u00bb0&#8243;]<\/p>\n<h2><span style=\"color: #000080;\"><strong>Requisitos<\/strong><\/span><\/h2>\n<ul>\n<li>Profesionales que tengan gusto por la reflexi\u00f3n y la construcci\u00f3n del conocimiento filos\u00f3fico en el proceso inter y transdisciplinario sobre la cultura, multicultura, intercultura y transcultura.<\/li>\n<li>H\u00e1bitos de lectura de textos cient\u00edfico-filos\u00f3ficos, deseo de perfeccionar la cultura de la investigaci\u00f3n y la comunicaci\u00f3n escrita y oral para participar en la construcci\u00f3n de escenarios culturales, multiculturales, interculturales y transculturales.<\/li>\n<li>Poseer una aut\u00e9ntica y sincera preocupaci\u00f3n por la problem\u00e1tica cultural, multicultural, intercultural y transcultural.<\/li>\n<li>Tener nivel de licenciatura o pasante, uso de nuevas tecnolog\u00edas (aplicaciones, navegaci\u00f3n en internet, e mail, lap top, plataforma educativa b\u00e1sica, conocimientos elementales de filosof\u00eda, ser agente de cambio y desarrollo integral-personal<\/li>\n<\/ul>\n<p>[\/et_pb_text][\/et_pb_column][\/et_pb_row][\/et_pb_section][et_pb_section fb_built=\u00bb1&#8243; _builder_version=\u00bb4.16&#8243; _module_preset=\u00bbdefault\u00bb background_color=\u00bb#f7f7f7&#8243; locked=\u00bboff\u00bb global_colors_info=\u00bb{}\u00bb theme_builder_area=\u00bbpost_content\u00bb][et_pb_row column_structure=\u00bb1_2,1_2&#8243; _builder_version=\u00bb4.16&#8243; _module_preset=\u00bbdefault\u00bb global_colors_info=\u00bb{}\u00bb theme_builder_area=\u00bbpost_content\u00bb][et_pb_column type=\u00bb1_2&#8243; _builder_version=\u00bb4.16&#8243; _module_preset=\u00bbdefault\u00bb global_colors_info=\u00bb{}\u00bb theme_builder_area=\u00bbpost_content\u00bb][et_pb_text _builder_version=\u00bb4.17.4&#8243; _module_preset=\u00bbdefault\u00bb hover_enabled=\u00bb0&#8243; global_colors_info=\u00bb{}\u00bb theme_builder_area=\u00bbpost_content\u00bb sticky_enabled=\u00bb0&#8243;]<\/p>\n<h3>Duraci\u00f3n:<\/h3>\n<p style=\"padding-left: 40px;\">8 meses, 162 horas <\/p>\n<h3>Horario:<\/h3>\n<p style=\"padding-left: 40px;\">Lunes, mi\u00e9rcoles y viernes de 7:00 \u2013 9:00 P.M.<\/p>\n<p>[\/et_pb_text][\/et_pb_column][et_pb_column type=\u00bb1_2&#8243; _builder_version=\u00bb4.16&#8243; _module_preset=\u00bbdefault\u00bb global_colors_info=\u00bb{}\u00bb theme_builder_area=\u00bbpost_content\u00bb][et_pb_text _builder_version=\u00bb4.17.4&#8243; _module_preset=\u00bbdefault\u00bb hover_enabled=\u00bb0&#8243; global_colors_info=\u00bb{}\u00bb theme_builder_area=\u00bbpost_content\u00bb sticky_enabled=\u00bb0&#8243;]<\/p>\n<h3>Modalidad<\/h3>\n<p style=\"padding-left: 40px;\">A distancia, sesiones sincr\u00f3nicas: classroom para los materiales y meet para las sesiones<\/p>\n<h3>Inicio y t\u00e9rmino<\/h3>\n<p style=\"padding-left: 40px;\">Inicia 22 de agosto; termina abril 2023<\/p>\n<p>[\/et_pb_text][\/et_pb_column][\/et_pb_row][\/et_pb_section][et_pb_section fb_built=\u00bb1&#8243; _builder_version=\u00bb4.16&#8243; _module_preset=\u00bbdefault\u00bb locked=\u00bboff\u00bb global_colors_info=\u00bb{}\u00bb theme_builder_area=\u00bbpost_content\u00bb][et_pb_row _builder_version=\u00bb4.17.4&#8243; _module_preset=\u00bbdefault\u00bb max_width=\u00bb1557px\u00bb custom_margin=\u00bb|auto|-36px|auto||\u00bb locked=\u00bboff\u00bb global_colors_info=\u00bb{}\u00bb theme_builder_area=\u00bbpost_content\u00bb][et_pb_column type=\u00bb4_4&#8243; _builder_version=\u00bb4.16&#8243; _module_preset=\u00bbdefault\u00bb global_colors_info=\u00bb{}\u00bb theme_builder_area=\u00bbpost_content\u00bb][wpforms_selector form_id=\u00bb1691&#8243; show_title=\u00bbon\u00bb _builder_version=\u00bb4.9.7&#8243; _module_preset=\u00bbdefault\u00bb animation_style=\u00bbslide\u00bb global_colors_info=\u00bb{}\u00bb theme_builder_area=\u00bbpost_content\u00bb][\/wpforms_selector][\/et_pb_column][\/et_pb_row][et_pb_row _builder_version=\u00bb4.16&#8243; _module_preset=\u00bbdefault\u00bb locked=\u00bboff\u00bb global_colors_info=\u00bb{}\u00bb theme_builder_area=\u00bbpost_content\u00bb][et_pb_column type=\u00bb4_4&#8243; _builder_version=\u00bb4.16&#8243; _module_preset=\u00bbdefault\u00bb global_colors_info=\u00bb{}\u00bb theme_builder_area=\u00bbpost_content\u00bb][et_pb_image src=\u00bbhttps:\/\/ucach.mx\/wp-content\/uploads\/2021\/01\/logo-UCACH.png\u00bb title_text=\u00bblogo UCACH\u00bb align=\u00bbcenter\u00bb _builder_version=\u00bb4.16&#8243; _module_preset=\u00bbdefault\u00bb width=\u00bb20%\u00bb animation_style=\u00bbzoom\u00bb global_colors_info=\u00bb{}\u00bb theme_builder_area=\u00bbpost_content\u00bb][\/et_pb_image][\/et_pb_column][\/et_pb_row][\/et_pb_section]<\/p>\n","protected":false},"excerpt":{"rendered":"<p>DIPLOMADO EN FILOSOF\u00cdA DE LA CULTURA E INTERCULTURAFormar profesionales en filosof\u00eda Intercultural con base en conocimientos inter-trans-disciplinarios actualizados desde un enfoque integral orientado por la \u00e9tica dial\u00f3gica, capaces de identificar cr\u00edticamente los factores que han posibilitado la hegemon\u00eda de la cultura occidental y los que han impedido el proceso de la interculturalidad sim\u00e9trica en los [&hellip;]<\/p>\n","protected":false},"author":1,"featured_media":0,"parent":0,"menu_order":0,"comment_status":"closed","ping_status":"closed","template":"","meta":{"_et_pb_use_builder":"on","_et_pb_old_content":"","_et_gb_content_width":"","_monsterinsights_skip_tracking":false,"_monsterinsights_sitenote_active":false,"_monsterinsights_sitenote_note":"","_monsterinsights_sitenote_category":0,"_uf_show_specific_survey":0,"_uf_disable_surveys":false,"footnotes":""},"class_list":["post-2529","page","type-page","status-publish","hentry"],"aioseo_notices":[],"jetpack_sharing_enabled":true,"_links":{"self":[{"href":"https:\/\/ucach.mx\/index.php\/wp-json\/wp\/v2\/pages\/2529","targetHints":{"allow":["GET"]}}],"collection":[{"href":"https:\/\/ucach.mx\/index.php\/wp-json\/wp\/v2\/pages"}],"about":[{"href":"https:\/\/ucach.mx\/index.php\/wp-json\/wp\/v2\/types\/page"}],"author":[{"embeddable":true,"href":"https:\/\/ucach.mx\/index.php\/wp-json\/wp\/v2\/users\/1"}],"replies":[{"embeddable":true,"href":"https:\/\/ucach.mx\/index.php\/wp-json\/wp\/v2\/comments?post=2529"}],"version-history":[{"count":2,"href":"https:\/\/ucach.mx\/index.php\/wp-json\/wp\/v2\/pages\/2529\/revisions"}],"predecessor-version":[{"id":2533,"href":"https:\/\/ucach.mx\/index.php\/wp-json\/wp\/v2\/pages\/2529\/revisions\/2533"}],"wp:attachment":[{"href":"https:\/\/ucach.mx\/index.php\/wp-json\/wp\/v2\/media?parent=2529"}],"curies":[{"name":"wp","href":"https:\/\/api.w.org\/{rel}","templated":true}]}}

DIPLOMADO EN FILOSOFÍA DE LA CULTURA E INTERCULTURA

<p>[et_pb_section fb_built=»1&#8243; _builder_version=»4.16&#8243; _module_preset=»default» background_color=»#f6f6f6&#8243; locked=»off» global_colors_info=»{}» theme_builder_area=»post_content»][et_pb_row _builder_version=»4.16&#8243; _module_preset=»default» custom_padding=»56px|||||» global_colors_info=»{}» theme_builder_area=»post_content»][et_pb_column type=»4_4&#8243; _builder_version=»4.16&#8243; _module_preset=»default» global_colors_info=»{}» theme_builder_area=»post_content»][et_pb_text _builder_version=»4.17.4&#8243; _module_preset=»default» text_font=»|600|||||||» text_text_color=»#0C71C3&#8243; text_font_size=»36px» text_letter_spacing=»10px» text_line_height=»1.6em» text_orientation=»center» custom_margin=»||29px|||» custom_padding=»2px|||||» hover_enabled=»0&#8243; text_text_shadow_style=»preset3&#8243; box_shadow_style=»preset4&#8243; box_shadow_blur=»33px» box_shadow_spread=»-21px» box_shadow_color=»#0C71C3&#8243; global_colors_info=»{}» theme_builder_area=»post_content» sticky_enabled=»0&#8243;]</p>
<p style="text-align: center;"><strong>DIPLOMADO EN FILOSOFÍA DE LA CULTURA E INTERCULTURA</strong></p>
<p>[/et_pb_text][/et_pb_column][/et_pb_row][et_pb_row use_custom_gutter=»on» _builder_version=»4.16&#8243; _module_preset=»default» width=»98%» max_width=»1945px» custom_margin=»-63px|auto||auto||» global_colors_info=»{}» theme_builder_area=»post_content»][et_pb_column type=»4_4&#8243; _builder_version=»4.16&#8243; _module_preset=»default» global_colors_info=»{}» theme_builder_area=»post_content»][et_pb_divider color=»#fecc00&#8243; _builder_version=»4.16&#8243; _module_preset=»default» global_colors_info=»{}» theme_builder_area=»post_content»][/et_pb_divider][/et_pb_column][/et_pb_row][et_pb_row column_structure=»2_5,3_5&#8243; use_custom_gutter=»on» gutter_width=»1&#8243; _builder_version=»4.16&#8243; _module_preset=»default» max_width=»1138px» global_colors_info=»{}» theme_builder_area=»post_content»][et_pb_column type=»2_5&#8243; _builder_version=»4.16&#8243; _module_preset=»default» global_colors_info=»{}» theme_builder_area=»post_content»][et_pb_blurb title=»OBJETIVO» _builder_version=»4.17.4&#8243; _module_preset=»default» header_font=»|600|||||||» header_font_size=»22px» header_letter_spacing=»2px» background_color=»#FFFFFF» min_height=»379px» custom_padding=»25px|25px|25px|25px|false|false» animation_style=»slide» hover_enabled=»0&#8243; box_shadow_style=»preset3&#8243; locked=»off» global_colors_info=»{}» theme_builder_area=»post_content» sticky_enabled=»0&#8243;]</p>
<p>Formar profesionales en filosofía Intercultural con base en conocimientos inter-trans-disciplinarios actualizados desde un enfoque integral orientado por la ética dialógica, capaces de identificar críticamente los factores que han posibilitado la hegemonía de la cultura occidental y los que han impedido el proceso de la interculturalidad simétrica en los espacios geográficos y sociales donde la cultura occidental se ha impuesto a las culturas originarias del continente y de manera particular en la entidad</p>
<p>[/et_pb_blurb][/et_pb_column][et_pb_column type=»3_5&#8243; _builder_version=»4.16&#8243; _module_preset=»default» global_colors_info=»{}» theme_builder_area=»post_content»][et_pb_image src=»https://ucach.mx/wp-content/uploads/2022/07/imagen-diplomado.jpeg» title_text=»imagen-diplomado» _builder_version=»4.17.4&#8243; _module_preset=»default» max_height=»379px» custom_margin=»3px|-41px|-2px|49px|false|false» custom_padding=»0px|||0px|false|false» animation_style=»slide» animation_direction=»right» hover_enabled=»0&#8243; global_colors_info=»{}» theme_builder_area=»post_content» sticky_enabled=»0&#8243; align=»center»][/et_pb_image][/et_pb_column][/et_pb_row][/et_pb_section][et_pb_section fb_built=»1&#8243; _builder_version=»4.16&#8243; _module_preset=»default» locked=»off» global_colors_info=»{}» theme_builder_area=»post_content»][et_pb_row column_structure=»1_2,1_2&#8243; _builder_version=»4.16&#8243; _module_preset=»default» custom_padding=»|||0px||» animation_style=»zoom» global_colors_info=»{}» theme_builder_area=»post_content»][et_pb_column type=»1_2&#8243; _builder_version=»4.16&#8243; _module_preset=»default» global_colors_info=»{}» theme_builder_area=»post_content»][et_pb_blurb _builder_version=»4.17.4&#8243; _module_preset=»default» custom_padding=»1px|||||» hover_enabled=»0&#8243; global_colors_info=»{}» theme_builder_area=»post_content» sticky_enabled=»0&#8243;]</p>
<blockquote>
<h3><span style="color: #000080;"><strong>Unidades de Aprendizaje</strong></span></h3>
<ol>
<li>El Reto de la Interculturalidad. Planteamiento General</li>
<li>Antropología Cultural</li>
<li>Filosofía de la Cultura</li>
<li>Taller sobre Problemas Culturales e Interculturales</li>
<li>Filosofía Intercultural</li>
<li>Ética de la Cultura e Intercultura</li>
<li>Seminario sobre Culturas Originarias de Mesoamérica</li>
<li>Cultura y Filosofía Maya</li>
<li>Estética Intercultural</li>
</ol>
</blockquote>
<p>[/et_pb_blurb][/et_pb_column][et_pb_column type=»1_2&#8243; _builder_version=»4.16&#8243; _module_preset=»default» global_colors_info=»{}» theme_builder_area=»post_content»][et_pb_text _builder_version=»4.17.4&#8243; _module_preset=»default» hover_enabled=»0&#8243; global_colors_info=»{}» theme_builder_area=»post_content» sticky_enabled=»0&#8243;]</p>
<h2><span style="color: #000080;"><strong>Requisitos</strong></span></h2>
<ul>
<li>Profesionales que tengan gusto por la reflexión y la construcción del conocimiento filosófico en el proceso inter y transdisciplinario sobre la cultura, multicultura, intercultura y transcultura.</li>
<li>Hábitos de lectura de textos científico-filosóficos, deseo de perfeccionar la cultura de la investigación y la comunicación escrita y oral para participar en la construcción de escenarios culturales, multiculturales, interculturales y transculturales.</li>
<li>Poseer una auténtica y sincera preocupación por la problemática cultural, multicultural, intercultural y transcultural.</li>
<li>Tener nivel de licenciatura o pasante, uso de nuevas tecnologías (aplicaciones, navegación en internet, e mail, lap top, plataforma educativa básica, conocimientos elementales de filosofía, ser agente de cambio y desarrollo integral-personal</li>
</ul>
<p>[/et_pb_text][/et_pb_column][/et_pb_row][/et_pb_section][et_pb_section fb_built=»1&#8243; _builder_version=»4.16&#8243; _module_preset=»default» background_color=»#f7f7f7&#8243; locked=»off» global_colors_info=»{}» theme_builder_area=»post_content»][et_pb_row column_structure=»1_2,1_2&#8243; _builder_version=»4.16&#8243; _module_preset=»default» global_colors_info=»{}» theme_builder_area=»post_content»][et_pb_column type=»1_2&#8243; _builder_version=»4.16&#8243; _module_preset=»default» global_colors_info=»{}» theme_builder_area=»post_content»][et_pb_text _builder_version=»4.17.4&#8243; _module_preset=»default» hover_enabled=»0&#8243; global_colors_info=»{}» theme_builder_area=»post_content» sticky_enabled=»0&#8243;]</p>
<h3>Duración:</h3>
<p style="padding-left: 40px;">8 meses, 162 horas </p>
<h3>Horario:</h3>
<p style="padding-left: 40px;">Lunes, miércoles y viernes de 7:00 – 9:00 P.M.</p>
<p>[/et_pb_text][/et_pb_column][et_pb_column type=»1_2&#8243; _builder_version=»4.16&#8243; _module_preset=»default» global_colors_info=»{}» theme_builder_area=»post_content»][et_pb_text _builder_version=»4.17.4&#8243; _module_preset=»default» hover_enabled=»0&#8243; global_colors_info=»{}» theme_builder_area=»post_content» sticky_enabled=»0&#8243;]</p>
<h3>Modalidad</h3>
<p style="padding-left: 40px;">A distancia, sesiones sincrónicas: classroom para los materiales y meet para las sesiones</p>
<h3>Inicio y término</h3>
<p style="padding-left: 40px;">Inicia 22 de agosto; termina abril 2023</p>
<p>[/et_pb_text][/et_pb_column][/et_pb_row][/et_pb_section][et_pb_section fb_built=»1&#8243; _builder_version=»4.16&#8243; _module_preset=»default» locked=»off» global_colors_info=»{}» theme_builder_area=»post_content»][et_pb_row _builder_version=»4.17.4&#8243; _module_preset=»default» max_width=»1557px» custom_margin=»|auto|-36px|auto||» locked=»off» global_colors_info=»{}» theme_builder_area=»post_content»][et_pb_column type=»4_4&#8243; _builder_version=»4.16&#8243; _module_preset=»default» global_colors_info=»{}» theme_builder_area=»post_content»][wpforms_selector form_id=»1691&#8243; show_title=»on» _builder_version=»4.9.7&#8243; _module_preset=»default» animation_style=»slide» global_colors_info=»{}» theme_builder_area=»post_content»][/wpforms_selector][/et_pb_column][/et_pb_row][et_pb_row _builder_version=»4.16&#8243; _module_preset=»default» locked=»off» global_colors_info=»{}» theme_builder_area=»post_content»][et_pb_column type=»4_4&#8243; _builder_version=»4.16&#8243; _module_preset=»default» global_colors_info=»{}» theme_builder_area=»post_content»][et_pb_image src=»https://ucach.mx/wp-content/uploads/2021/01/logo-UCACH.png» title_text=»logo UCACH» align=»center» _builder_version=»4.16&#8243; _module_preset=»default» width=»20%» animation_style=»zoom» global_colors_info=»{}» theme_builder_area=»post_content»][/et_pb_image][/et_pb_column][/et_pb_row][/et_pb_section]</p>

<p>DIPLOMADO EN FILOSOFÍA DE LA CULTURA E INTERCULTURAFormar profesionales en filosofía Intercultural con base en conocimientos inter-trans-disciplinarios actualizados desde un enfoque integral orientado por la ética dialógica, capaces de identificar críticamente los factores que han posibilitado la hegemonía de la cultura occidental y los que han impedido el proceso de la interculturalidad simétrica en los [&hellip;]</p>
