{"id":2671,"date":"2022-12-02T10:07:33","date_gmt":"2022-12-02T16:07:33","guid":{"rendered":"https:\/\/ucach.mx\/?page_id=2671"},"modified":"2023-06-12T18:24:58","modified_gmt":"2023-06-13T00:24:58","slug":"curso-de-braille","status":"publish","type":"page","link":"https:\/\/ucach.mx\/index.php\/curso-de-braille\/","title":{"rendered":"Curso de Braille"},"content":{"rendered":"<p>[et_pb_section fb_built=\u00bb1&#8243; _builder_version=\u00bb4.19.1&#8243; _module_preset=\u00bbdefault\u00bb global_colors_info=\u00bb{}\u00bb][\/et_pb_section][et_pb_section fb_built=\u00bb1&#8243; _builder_version=\u00bb4.16&#8243; _module_preset=\u00bbdefault\u00bb background_color=\u00bb#f6f6f6&#8243; locked=\u00bboff\u00bb global_colors_info=\u00bb{}\u00bb][et_pb_row _builder_version=\u00bb4.16&#8243; _module_preset=\u00bbdefault\u00bb custom_padding=\u00bb56px|||||\u00bb global_colors_info=\u00bb{}\u00bb][et_pb_column type=\u00bb4_4&#8243; _builder_version=\u00bb4.16&#8243; _module_preset=\u00bbdefault\u00bb global_colors_info=\u00bb{}\u00bb][et_pb_text _builder_version=\u00bb4.19.1&#8243; _module_preset=\u00bbdefault\u00bb text_font=\u00bb|600|||||||\u00bb text_text_color=\u00bb#0C71C3&#8243; text_font_size=\u00bb36px\u00bb text_letter_spacing=\u00bb11px\u00bb text_orientation=\u00bbcenter\u00bb custom_margin=\u00bb||29px|||\u00bb custom_padding=\u00bb2px|||||\u00bb text_text_shadow_style=\u00bbpreset3&#8243; box_shadow_style=\u00bbpreset4&#8243; box_shadow_blur=\u00bb33px\u00bb box_shadow_spread=\u00bb-21px\u00bb box_shadow_color=\u00bb#0C71C3&#8243; global_colors_info=\u00bb{}\u00bb]<\/p>\n<p style=\"text-align: center;\"><strong>CURSO DE BRAILLE<\/strong><\/p>\n<p>[\/et_pb_text][\/et_pb_column][\/et_pb_row][et_pb_row use_custom_gutter=\u00bbon\u00bb _builder_version=\u00bb4.16&#8243; _module_preset=\u00bbdefault\u00bb width=\u00bb98%\u00bb max_width=\u00bb1945px\u00bb custom_margin=\u00bb-63px|auto||auto||\u00bb global_colors_info=\u00bb{}\u00bb][et_pb_column type=\u00bb4_4&#8243; _builder_version=\u00bb4.16&#8243; _module_preset=\u00bbdefault\u00bb global_colors_info=\u00bb{}\u00bb][et_pb_divider color=\u00bb#fecc00&#8243; _builder_version=\u00bb4.16&#8243; _module_preset=\u00bbdefault\u00bb global_colors_info=\u00bb{}\u00bb][\/et_pb_divider][\/et_pb_column][\/et_pb_row][et_pb_row column_structure=\u00bb1_2,1_2&#8243; use_custom_gutter=\u00bbon\u00bb gutter_width=\u00bb1&#8243; _builder_version=\u00bb4.16&#8243; _module_preset=\u00bbdefault\u00bb max_width=\u00bb1138px\u00bb global_colors_info=\u00bb{}\u00bb][et_pb_column type=\u00bb1_2&#8243; _builder_version=\u00bb4.16&#8243; _module_preset=\u00bbdefault\u00bb global_colors_info=\u00bb{}\u00bb][et_pb_blurb title=\u00bbOBJETIVO\u00bb _builder_version=\u00bb4.21.0&#8243; _module_preset=\u00bbdefault\u00bb header_font=\u00bb|600|||||||\u00bb header_font_size=\u00bb22px\u00bb header_letter_spacing=\u00bb2px\u00bb background_color=\u00bb#FFFFFF\u00bb height=\u00bb332px\u00bb custom_padding=\u00bb25px|25px|25px|25px|false|false\u00bb animation_style=\u00bbslide\u00bb hover_enabled=\u00bb0&#8243; box_shadow_style=\u00bbpreset3&#8243; locked=\u00bboff\u00bb global_colors_info=\u00bb{}\u00bb sticky_enabled=\u00bb0&#8243;]<\/p>\n<p>Conocer aspectos del trato, concienciaci\u00f3n e importancia de la informaci\u00f3n en Sistema Braille existente<\/p>\n<p>[\/et_pb_blurb][\/et_pb_column][et_pb_column type=\u00bb1_2&#8243; _builder_version=\u00bb4.16&#8243; _module_preset=\u00bbdefault\u00bb global_colors_info=\u00bb{}\u00bb][et_pb_image src=\u00bbhttps:\/\/ucach.mx\/wp-content\/uploads\/2023\/06\/braille.jpeg\u00bb title_text=\u00bbbraille\u00bb _builder_version=\u00bb4.21.0&#8243; _module_preset=\u00bbdefault\u00bb max_height=\u00bb332px\u00bb custom_margin=\u00bb3px|-41px|-2px|49px|false|false\u00bb custom_padding=\u00bb0px|||0px|false|false\u00bb animation_style=\u00bbslide\u00bb animation_direction=\u00bbright\u00bb global_colors_info=\u00bb{}\u00bb][\/et_pb_image][\/et_pb_column][\/et_pb_row][et_pb_row column_structure=\u00bb3_5,2_5&#8243; _builder_version=\u00bb4.19.1&#8243; _module_preset=\u00bbdefault\u00bb global_colors_info=\u00bb{}\u00bb][et_pb_column type=\u00bb3_5&#8243; _builder_version=\u00bb4.19.1&#8243; _module_preset=\u00bbdefault\u00bb global_colors_info=\u00bb{}\u00bb][et_pb_blurb title=\u00bbPROGRAMA ACAD\u00c9MICO\u00bb _builder_version=\u00bb4.19.4&#8243; _module_preset=\u00bbdefault\u00bb header_font=\u00bb|600|||||||\u00bb header_font_size=\u00bb22px\u00bb header_letter_spacing=\u00bb2px\u00bb background_color=\u00bb#FFFFFF\u00bb custom_padding=\u00bb25px||25px||false|false\u00bb animation_style=\u00bbslide\u00bb box_shadow_style=\u00bbpreset3&#8243; locked=\u00bboff\u00bb global_colors_info=\u00bb{}\u00bb]<\/p>\n<p>Tema 1. Origen del sistema braille<br \/>Tema 2. Primer l\u00ednea del alfabeto<br \/>Tema 3. Segunda l\u00ednea del alfabeto<br \/>Tema 4. Tercer l\u00ednea del alfabeto<br \/>Tema 5. Cuarta l\u00ednea del alfabeto<br \/>Tema 6. Quinta l\u00ednea del alfabeto<br \/>Tema 7. Sexta l\u00ednea del alfabeto<br \/>Tema 8. Orientaci\u00f3n y movilidad a trav\u00e9s del bast\u00f3n blanco<br \/>Tema 9. Investigaci\u00f3n de campo para el autoan\u00e1lisis de los aprendizajes y la implicaci\u00f3n en la vida diaria<\/p>\n<p>[\/et_pb_blurb][\/et_pb_column][et_pb_column type=\u00bb2_5&#8243; _builder_version=\u00bb4.19.1&#8243; _module_preset=\u00bbdefault\u00bb global_colors_info=\u00bb{}\u00bb][et_pb_blurb title=\u00bbDescripci\u00f3n del curso\u00bb _builder_version=\u00bb4.21.0&#8243; _module_preset=\u00bbdefault\u00bb header_font=\u00bb|600|||||||\u00bb header_font_size=\u00bb22px\u00bb header_letter_spacing=\u00bb2px\u00bb background_color=\u00bb#FFFFFF\u00bb height=\u00bb332px\u00bb custom_padding=\u00bb25px|25px|25px|25px|false|false\u00bb animation_style=\u00bbslide\u00bb box_shadow_style=\u00bbpreset3&#8243; locked=\u00bboff\u00bb global_colors_info=\u00bb{}\u00bb]<\/p>\n<h4>Modalidad<\/h4>\n<p>Presencial<\/p>\n<h4>Horario<\/h4>\n<p>&nbsp;<\/p>\n<h4>Duraci\u00f3n<\/h4>\n<p>40 Horas<\/p>\n<p>&nbsp;<\/p>\n<h4>Incluye Kit de Trabajo<\/h4>\n<ul>\n<li>Bast\u00f3n, regleta con punz\u00f3n, hojas de escritura<\/li>\n<\/ul>\n<p>[\/et_pb_blurb][\/et_pb_column][\/et_pb_row][\/et_pb_section][et_pb_section fb_built=\u00bb1&#8243; _builder_version=\u00bb4.16&#8243; _module_preset=\u00bbdefault\u00bb global_colors_info=\u00bb{}\u00bb][et_pb_row _builder_version=\u00bb4.16&#8243; _module_preset=\u00bbdefault\u00bb global_colors_info=\u00bb{}\u00bb][et_pb_column type=\u00bb4_4&#8243; _builder_version=\u00bb4.16&#8243; _module_preset=\u00bbdefault\u00bb global_colors_info=\u00bb{}\u00bb][wpforms_selector form_id=\u00bb2674&#8243; show_title=\u00bbon\u00bb _builder_version=\u00bb4.19.1&#8243; _module_preset=\u00bbdefault\u00bb animation_style=\u00bbslide\u00bb global_colors_info=\u00bb{}\u00bb][\/wpforms_selector][\/et_pb_column][\/et_pb_row][\/et_pb_section][et_pb_section fb_built=\u00bb1&#8243; _builder_version=\u00bb4.16&#8243; _module_preset=\u00bbdefault\u00bb locked=\u00bboff\u00bb global_colors_info=\u00bb{}\u00bb][et_pb_row _builder_version=\u00bb4.16&#8243; _module_preset=\u00bbdefault\u00bb width=\u00bb100%\u00bb max_width=\u00bb1557px\u00bb custom_margin=\u00bb|auto|-36px|auto||\u00bb locked=\u00bboff\u00bb global_colors_info=\u00bb{}\u00bb][et_pb_column type=\u00bb4_4&#8243; _builder_version=\u00bb4.16&#8243; _module_preset=\u00bbdefault\u00bb global_colors_info=\u00bb{}\u00bb][et_pb_divider _builder_version=\u00bb4.16&#8243; _module_preset=\u00bbdefault\u00bb global_colors_info=\u00bb{}\u00bb][\/et_pb_divider][\/et_pb_column][\/et_pb_row][et_pb_row _builder_version=\u00bb4.16&#8243; _module_preset=\u00bbdefault\u00bb locked=\u00bboff\u00bb global_colors_info=\u00bb{}\u00bb][et_pb_column type=\u00bb4_4&#8243; _builder_version=\u00bb4.16&#8243; _module_preset=\u00bbdefault\u00bb global_colors_info=\u00bb{}\u00bb][et_pb_image src=\u00bbhttps:\/\/ucach.mx\/wp-content\/uploads\/2021\/01\/logo-UCACH.png\u00bb title_text=\u00bblogo UCACH\u00bb align=\u00bbcenter\u00bb _builder_version=\u00bb4.16&#8243; _module_preset=\u00bbdefault\u00bb width=\u00bb20%\u00bb animation_style=\u00bbzoom\u00bb global_colors_info=\u00bb{}\u00bb][\/et_pb_image][\/et_pb_column][\/et_pb_row][\/et_pb_section]<\/p>\n","protected":false},"excerpt":{"rendered":"<p>CURSO DE BRAILLEConocer aspectos del trato, concienciaci\u00f3n e importancia de la informaci\u00f3n en Sistema Braille existenteTema 1. Origen del sistema brailleTema 2. Primer l\u00ednea del alfabetoTema 3. Segunda l\u00ednea del alfabetoTema 4. Tercer l\u00ednea del alfabetoTema 5. Cuarta l\u00ednea del alfabetoTema 6. Quinta l\u00ednea del alfabetoTema 7. Sexta l\u00ednea del alfabetoTema 8. Orientaci\u00f3n y movilidad [&hellip;]<\/p>\n","protected":false},"author":1,"featured_media":0,"parent":0,"menu_order":0,"comment_status":"closed","ping_status":"closed","template":"","meta":{"_et_pb_use_builder":"on","_et_pb_old_content":"","_et_gb_content_width":"","_monsterinsights_skip_tracking":false,"_monsterinsights_sitenote_active":false,"_monsterinsights_sitenote_note":"","_monsterinsights_sitenote_category":0,"_uf_show_specific_survey":0,"_uf_disable_surveys":false,"footnotes":""},"class_list":["post-2671","page","type-page","status-publish","hentry"],"aioseo_notices":[],"jetpack_sharing_enabled":true,"_links":{"self":[{"href":"https:\/\/ucach.mx\/index.php\/wp-json\/wp\/v2\/pages\/2671","targetHints":{"allow":["GET"]}}],"collection":[{"href":"https:\/\/ucach.mx\/index.php\/wp-json\/wp\/v2\/pages"}],"about":[{"href":"https:\/\/ucach.mx\/index.php\/wp-json\/wp\/v2\/types\/page"}],"author":[{"embeddable":true,"href":"https:\/\/ucach.mx\/index.php\/wp-json\/wp\/v2\/users\/1"}],"replies":[{"embeddable":true,"href":"https:\/\/ucach.mx\/index.php\/wp-json\/wp\/v2\/comments?post=2671"}],"version-history":[{"count":8,"href":"https:\/\/ucach.mx\/index.php\/wp-json\/wp\/v2\/pages\/2671\/revisions"}],"predecessor-version":[{"id":2983,"href":"https:\/\/ucach.mx\/index.php\/wp-json\/wp\/v2\/pages\/2671\/revisions\/2983"}],"wp:attachment":[{"href":"https:\/\/ucach.mx\/index.php\/wp-json\/wp\/v2\/media?parent=2671"}],"curies":[{"name":"wp","href":"https:\/\/api.w.org\/{rel}","templated":true}]}}

<p>[et_pb_section fb_built=»1&#8243; _builder_version=»4.19.1&#8243; _module_preset=»default» global_colors_info=»{}»][/et_pb_section][et_pb_section fb_built=»1&#8243; _builder_version=»4.16&#8243; _module_preset=»default» background_color=»#f6f6f6&#8243; locked=»off» global_colors_info=»{}»][et_pb_row _builder_version=»4.16&#8243; _module_preset=»default» custom_padding=»56px|||||» global_colors_info=»{}»][et_pb_column type=»4_4&#8243; _builder_version=»4.16&#8243; _module_preset=»default» global_colors_info=»{}»][et_pb_text _builder_version=»4.19.1&#8243; _module_preset=»default» text_font=»|600|||||||» text_text_color=»#0C71C3&#8243; text_font_size=»36px» text_letter_spacing=»11px» text_orientation=»center» custom_margin=»||29px|||» custom_padding=»2px|||||» text_text_shadow_style=»preset3&#8243; box_shadow_style=»preset4&#8243; box_shadow_blur=»33px» box_shadow_spread=»-21px» box_shadow_color=»#0C71C3&#8243; global_colors_info=»{}»]</p>
<p style="text-align: center;"><strong>CURSO DE BRAILLE</strong></p>
<p>[/et_pb_text][/et_pb_column][/et_pb_row][et_pb_row use_custom_gutter=»on» _builder_version=»4.16&#8243; _module_preset=»default» width=»98%» max_width=»1945px» custom_margin=»-63px|auto||auto||» global_colors_info=»{}»][et_pb_column type=»4_4&#8243; _builder_version=»4.16&#8243; _module_preset=»default» global_colors_info=»{}»][et_pb_divider color=»#fecc00&#8243; _builder_version=»4.16&#8243; _module_preset=»default» global_colors_info=»{}»][/et_pb_divider][/et_pb_column][/et_pb_row][et_pb_row column_structure=»1_2,1_2&#8243; use_custom_gutter=»on» gutter_width=»1&#8243; _builder_version=»4.16&#8243; _module_preset=»default» max_width=»1138px» global_colors_info=»{}»][et_pb_column type=»1_2&#8243; _builder_version=»4.16&#8243; _module_preset=»default» global_colors_info=»{}»][et_pb_blurb title=»OBJETIVO» _builder_version=»4.21.0&#8243; _module_preset=»default» header_font=»|600|||||||» header_font_size=»22px» header_letter_spacing=»2px» background_color=»#FFFFFF» height=»332px» custom_padding=»25px|25px|25px|25px|false|false» animation_style=»slide» hover_enabled=»0&#8243; box_shadow_style=»preset3&#8243; locked=»off» global_colors_info=»{}» sticky_enabled=»0&#8243;]</p>
<p>Conocer aspectos del trato, concienciación e importancia de la información en Sistema Braille existente</p>
<p>[/et_pb_blurb][/et_pb_column][et_pb_column type=»1_2&#8243; _builder_version=»4.16&#8243; _module_preset=»default» global_colors_info=»{}»][et_pb_image src=»https://ucach.mx/wp-content/uploads/2023/06/braille.jpeg» title_text=»braille» _builder_version=»4.21.0&#8243; _module_preset=»default» max_height=»332px» custom_margin=»3px|-41px|-2px|49px|false|false» custom_padding=»0px|||0px|false|false» animation_style=»slide» animation_direction=»right» global_colors_info=»{}»][/et_pb_image][/et_pb_column][/et_pb_row][et_pb_row column_structure=»3_5,2_5&#8243; _builder_version=»4.19.1&#8243; _module_preset=»default» global_colors_info=»{}»][et_pb_column type=»3_5&#8243; _builder_version=»4.19.1&#8243; _module_preset=»default» global_colors_info=»{}»][et_pb_blurb title=»PROGRAMA ACADÉMICO» _builder_version=»4.19.4&#8243; _module_preset=»default» header_font=»|600|||||||» header_font_size=»22px» header_letter_spacing=»2px» background_color=»#FFFFFF» custom_padding=»25px||25px||false|false» animation_style=»slide» box_shadow_style=»preset3&#8243; locked=»off» global_colors_info=»{}»]</p>
<p>Tema 1. Origen del sistema braille<br />Tema 2. Primer línea del alfabeto<br />Tema 3. Segunda línea del alfabeto<br />Tema 4. Tercer línea del alfabeto<br />Tema 5. Cuarta línea del alfabeto<br />Tema 6. Quinta línea del alfabeto<br />Tema 7. Sexta línea del alfabeto<br />Tema 8. Orientación y movilidad a través del bastón blanco<br />Tema 9. Investigación de campo para el autoanálisis de los aprendizajes y la implicación en la vida diaria</p>
<p>[/et_pb_blurb][/et_pb_column][et_pb_column type=»2_5&#8243; _builder_version=»4.19.1&#8243; _module_preset=»default» global_colors_info=»{}»][et_pb_blurb title=»Descripción del curso» _builder_version=»4.21.0&#8243; _module_preset=»default» header_font=»|600|||||||» header_font_size=»22px» header_letter_spacing=»2px» background_color=»#FFFFFF» height=»332px» custom_padding=»25px|25px|25px|25px|false|false» animation_style=»slide» box_shadow_style=»preset3&#8243; locked=»off» global_colors_info=»{}»]</p>
<h4>Modalidad</h4>
<p>Presencial</p>
<h4>Horario</h4>
<p>&nbsp;</p>
<h4>Duración</h4>
<p>40 Horas</p>
<p>&nbsp;</p>
<h4>Incluye Kit de Trabajo</h4>
<ul>
<li>Bastón, regleta con punzón, hojas de escritura</li>
</ul>
<p>[/et_pb_blurb][/et_pb_column][/et_pb_row][/et_pb_section][et_pb_section fb_built=»1&#8243; _builder_version=»4.16&#8243; _module_preset=»default» global_colors_info=»{}»][et_pb_row _builder_version=»4.16&#8243; _module_preset=»default» global_colors_info=»{}»][et_pb_column type=»4_4&#8243; _builder_version=»4.16&#8243; _module_preset=»default» global_colors_info=»{}»][wpforms_selector form_id=»2674&#8243; show_title=»on» _builder_version=»4.19.1&#8243; _module_preset=»default» animation_style=»slide» global_colors_info=»{}»][/wpforms_selector][/et_pb_column][/et_pb_row][/et_pb_section][et_pb_section fb_built=»1&#8243; _builder_version=»4.16&#8243; _module_preset=»default» locked=»off» global_colors_info=»{}»][et_pb_row _builder_version=»4.16&#8243; _module_preset=»default» width=»100%» max_width=»1557px» custom_margin=»|auto|-36px|auto||» locked=»off» global_colors_info=»{}»][et_pb_column type=»4_4&#8243; _builder_version=»4.16&#8243; _module_preset=»default» global_colors_info=»{}»][et_pb_divider _builder_version=»4.16&#8243; _module_preset=»default» global_colors_info=»{}»][/et_pb_divider][/et_pb_column][/et_pb_row][et_pb_row _builder_version=»4.16&#8243; _module_preset=»default» locked=»off» global_colors_info=»{}»][et_pb_column type=»4_4&#8243; _builder_version=»4.16&#8243; _module_preset=»default» global_colors_info=»{}»][et_pb_image src=»https://ucach.mx/wp-content/uploads/2021/01/logo-UCACH.png» title_text=»logo UCACH» align=»center» _builder_version=»4.16&#8243; _module_preset=»default» width=»20%» animation_style=»zoom» global_colors_info=»{}»][/et_pb_image][/et_pb_column][/et_pb_row][/et_pb_section]</p>

<p>CURSO DE BRAILLEConocer aspectos del trato, concienciación e importancia de la información en Sistema Braille existenteTema 1. Origen del sistema brailleTema 2. Primer línea del alfabetoTema 3. Segunda línea del alfabetoTema 4. Tercer línea del alfabetoTema 5. Cuarta línea del alfabetoTema 6. Quinta línea del alfabetoTema 7. Sexta línea del alfabetoTema 8. Orientación y movilidad [&hellip;]</p>
