{"id":2762,"date":"2022-12-29T12:43:05","date_gmt":"2022-12-29T18:43:05","guid":{"rendered":"https:\/\/ucach.mx\/?page_id=2762"},"modified":"2022-12-29T12:48:39","modified_gmt":"2022-12-29T18:48:39","slug":"salud-mental-y-disciplina-interior-reflexiones-y-contribuciones-de-la-psicologia-para-principiantes","status":"publish","type":"page","link":"https:\/\/ucach.mx\/index.php\/salud-mental-y-disciplina-interior-reflexiones-y-contribuciones-de-la-psicologia-para-principiantes\/","title":{"rendered":"Salud mental y disciplina interior. Reflexiones y contribuciones de la psicolog\u00eda para principiantes"},"content":{"rendered":"<p>[et_pb_section fb_built=\u00bb1&#8243; _builder_version=\u00bb4.16&#8243; _module_preset=\u00bbdefault\u00bb background_color=\u00bb#f6f6f6&#8243; locked=\u00bboff\u00bb global_colors_info=\u00bb{}\u00bb][et_pb_row _builder_version=\u00bb4.16&#8243; _module_preset=\u00bbdefault\u00bb custom_padding=\u00bb56px|||||\u00bb global_colors_info=\u00bb{}\u00bb][et_pb_column type=\u00bb4_4&#8243; _builder_version=\u00bb4.16&#8243; _module_preset=\u00bbdefault\u00bb global_colors_info=\u00bb{}\u00bb][et_pb_text _builder_version=\u00bb4.19.4&#8243; _module_preset=\u00bbdefault\u00bb text_font=\u00bb|600|||||||\u00bb text_text_color=\u00bb#0C71C3&#8243; text_font_size=\u00bb36px\u00bb text_letter_spacing=\u00bb11px\u00bb text_line_height=\u00bb1.8em\u00bb text_orientation=\u00bbcenter\u00bb custom_margin=\u00bb||29px|||\u00bb custom_padding=\u00bb2px|||||\u00bb text_text_shadow_style=\u00bbpreset3&#8243; box_shadow_style=\u00bbpreset4&#8243; box_shadow_blur=\u00bb33px\u00bb box_shadow_spread=\u00bb-21px\u00bb box_shadow_color=\u00bb#0C71C3&#8243; global_colors_info=\u00bb{}\u00bb]<\/p>\n<p style=\"text-align: center;\"><strong>CURSO \u00abSALUD MENTAL Y DISCIPLINA INTERIOR. REFLEXIONES Y CONTRIBUCIONES DE LA PSICOLOG\u00cdA PARA PRINCIPIANTES\u00bb<\/strong><\/p>\n<p>[\/et_pb_text][\/et_pb_column][\/et_pb_row][et_pb_row use_custom_gutter=\u00bbon\u00bb _builder_version=\u00bb4.16&#8243; _module_preset=\u00bbdefault\u00bb width=\u00bb98%\u00bb max_width=\u00bb1945px\u00bb custom_margin=\u00bb-63px|auto||auto||\u00bb global_colors_info=\u00bb{}\u00bb][et_pb_column type=\u00bb4_4&#8243; _builder_version=\u00bb4.16&#8243; _module_preset=\u00bbdefault\u00bb global_colors_info=\u00bb{}\u00bb][et_pb_divider color=\u00bb#fecc00&#8243; _builder_version=\u00bb4.16&#8243; _module_preset=\u00bbdefault\u00bb global_colors_info=\u00bb{}\u00bb][\/et_pb_divider][\/et_pb_column][\/et_pb_row][et_pb_row column_structure=\u00bb1_2,1_2&#8243; use_custom_gutter=\u00bbon\u00bb gutter_width=\u00bb1&#8243; _builder_version=\u00bb4.16&#8243; _module_preset=\u00bbdefault\u00bb max_width=\u00bb1138px\u00bb global_colors_info=\u00bb{}\u00bb][et_pb_column type=\u00bb1_2&#8243; _builder_version=\u00bb4.16&#8243; _module_preset=\u00bbdefault\u00bb global_colors_info=\u00bb{}\u00bb][et_pb_blurb title=\u00bbDescripci\u00f3n del curso\u00bb _builder_version=\u00bb4.19.4&#8243; _module_preset=\u00bbdefault\u00bb header_font=\u00bb|600|||||||\u00bb header_font_size=\u00bb22px\u00bb header_letter_spacing=\u00bb2px\u00bb background_color=\u00bb#FFFFFF\u00bb height=\u00bb332px\u00bb custom_padding=\u00bb25px|25px|25px|25px|false|false\u00bb animation_style=\u00bbslide\u00bb box_shadow_style=\u00bbpreset3&#8243; locked=\u00bboff\u00bb global_colors_info=\u00bb{}\u00bb]<\/p>\n<h4>Modalidad<\/h4>\n<p>Virtual a trav\u00e9s de Google Meet<\/p>\n<h4>Horario<\/h4>\n<p>S\u00e1bados 9 a 13 hrs del 28 de Enero al 01 de Abril del 2023<\/p>\n<h4>Edad<\/h4>\n<p>12 a\u00f1os en adelante<\/p>\n<h4>Duraci\u00f3n<\/h4>\n<p>2 meses, 40 horas<\/p>\n<p>[\/et_pb_blurb][\/et_pb_column][et_pb_column type=\u00bb1_2&#8243; _builder_version=\u00bb4.16&#8243; _module_preset=\u00bbdefault\u00bb global_colors_info=\u00bb{}\u00bb][et_pb_image src=\u00bbhttps:\/\/ucach.mx\/wp-content\/uploads\/2022\/12\/woman-g8e484521c_1920.jpg\u00bb title_text=\u00bbSalud mental\u00bb _builder_version=\u00bb4.19.4&#8243; _module_preset=\u00bbdefault\u00bb max_height=\u00bb332px\u00bb custom_margin=\u00bb3px|-41px|-2px|49px|false|false\u00bb custom_padding=\u00bb0px|||0px|false|false\u00bb animation_style=\u00bbslide\u00bb animation_direction=\u00bbright\u00bb global_colors_info=\u00bb{}\u00bb][\/et_pb_image][\/et_pb_column][\/et_pb_row][et_pb_row column_structure=\u00bb3_5,2_5&#8243; _builder_version=\u00bb4.19.1&#8243; _module_preset=\u00bbdefault\u00bb global_colors_info=\u00bb{}\u00bb][et_pb_column type=\u00bb3_5&#8243; _builder_version=\u00bb4.19.1&#8243; _module_preset=\u00bbdefault\u00bb global_colors_info=\u00bb{}\u00bb][et_pb_blurb title=\u00bbPROGRAMA ACAD\u00c9MICO\u00bb _builder_version=\u00bb4.19.4&#8243; _module_preset=\u00bbdefault\u00bb header_font=\u00bb|600|||||||\u00bb header_font_size=\u00bb22px\u00bb header_letter_spacing=\u00bb2px\u00bb background_color=\u00bb#FFFFFF\u00bb custom_padding=\u00bb25px||25px||false|false\u00bb animation_style=\u00bbslide\u00bb box_shadow_style=\u00bbpreset3&#8243; locked=\u00bboff\u00bb global_colors_info=\u00bb{}\u00bb]<\/p>\n<ul>\n<li>M\u00f3dulo 1. Realidad(es)\n<ol>\n<li>\u00a0Absceso emocional<\/li>\n<li>\u00a0Trauma(s)<\/li>\n<li>\u00a0Castigo<\/li>\n<li>\u00a0Espejo<\/li>\n<\/ol>\n<\/li>\n<li>M\u00f3dulo 2. Resiliencia\n<ol>\n<li>Autoconcepto<\/li>\n<li>Dignidad<\/li>\n<li>Voluntad<\/li>\n<\/ol>\n<\/li>\n<li>M\u00f3dulo 3. Cura\n<ol>\n<li>Perd\u00f3n<\/li>\n<li>Amor propio<\/li>\n<li>Libertad<\/li>\n<\/ol>\n<\/li>\n<li>M\u00f3dulo 4. Conclusiones<\/li>\n<\/ul>\n<p>[\/et_pb_blurb][\/et_pb_column][et_pb_column type=\u00bb2_5&#8243; _builder_version=\u00bb4.19.1&#8243; _module_preset=\u00bbdefault\u00bb global_colors_info=\u00bb{}\u00bb][et_pb_blurb title=\u00bbVALOR AGREGADO\u00bb _builder_version=\u00bb4.19.4&#8243; _module_preset=\u00bbdefault\u00bb header_font=\u00bb|600|||||||\u00bb header_font_size=\u00bb22px\u00bb header_letter_spacing=\u00bb2px\u00bb background_color=\u00bb#FFFFFF\u00bb custom_padding=\u00bb25px||25px|25px|false|false\u00bb animation_style=\u00bbslide\u00bb box_shadow_style=\u00bbpreset3&#8243; global_colors_info=\u00bb{}\u00bb]<\/p>\n<p>Descubrimiento de la propia singularidad como hombre en proceso de hacerse persona potenciando su ser.<\/p>\n<p>[\/et_pb_blurb][\/et_pb_column][\/et_pb_row][\/et_pb_section][et_pb_section fb_built=\u00bb1&#8243; _builder_version=\u00bb4.16&#8243; _module_preset=\u00bbdefault\u00bb global_colors_info=\u00bb{}\u00bb][et_pb_row _builder_version=\u00bb4.16&#8243; _module_preset=\u00bbdefault\u00bb global_colors_info=\u00bb{}\u00bb][et_pb_column type=\u00bb4_4&#8243; _builder_version=\u00bb4.16&#8243; _module_preset=\u00bbdefault\u00bb global_colors_info=\u00bb{}\u00bb][wpforms_selector form_id=\u00bb2767&#8243; show_title=\u00bbon\u00bb _builder_version=\u00bb4.19.4&#8243; _module_preset=\u00bbdefault\u00bb animation_style=\u00bbslide\u00bb hover_enabled=\u00bb0&#8243; global_colors_info=\u00bb{}\u00bb sticky_enabled=\u00bb0&#8243;][\/wpforms_selector][\/et_pb_column][\/et_pb_row][\/et_pb_section][et_pb_section fb_built=\u00bb1&#8243; _builder_version=\u00bb4.16&#8243; _module_preset=\u00bbdefault\u00bb locked=\u00bboff\u00bb global_colors_info=\u00bb{}\u00bb][et_pb_row _builder_version=\u00bb4.16&#8243; _module_preset=\u00bbdefault\u00bb width=\u00bb100%\u00bb max_width=\u00bb1557px\u00bb custom_margin=\u00bb|auto|-36px|auto||\u00bb locked=\u00bboff\u00bb global_colors_info=\u00bb{}\u00bb][et_pb_column type=\u00bb4_4&#8243; _builder_version=\u00bb4.16&#8243; _module_preset=\u00bbdefault\u00bb global_colors_info=\u00bb{}\u00bb][et_pb_divider _builder_version=\u00bb4.16&#8243; _module_preset=\u00bbdefault\u00bb global_colors_info=\u00bb{}\u00bb][\/et_pb_divider][\/et_pb_column][\/et_pb_row][et_pb_row _builder_version=\u00bb4.16&#8243; _module_preset=\u00bbdefault\u00bb locked=\u00bboff\u00bb global_colors_info=\u00bb{}\u00bb][et_pb_column type=\u00bb4_4&#8243; _builder_version=\u00bb4.16&#8243; _module_preset=\u00bbdefault\u00bb global_colors_info=\u00bb{}\u00bb][et_pb_image src=\u00bbhttps:\/\/ucach.mx\/wp-content\/uploads\/2021\/01\/logo-UCACH.png\u00bb title_text=\u00bblogo UCACH\u00bb align=\u00bbcenter\u00bb _builder_version=\u00bb4.16&#8243; _module_preset=\u00bbdefault\u00bb width=\u00bb20%\u00bb animation_style=\u00bbzoom\u00bb global_colors_info=\u00bb{}\u00bb][\/et_pb_image][\/et_pb_column][\/et_pb_row][\/et_pb_section]<\/p>\n","protected":false},"excerpt":{"rendered":"<p>CURSO \u00abSALUD MENTAL Y DISCIPLINA INTERIOR. REFLEXIONES Y CONTRIBUCIONES DE LA PSICOLOG\u00cdA PARA PRINCIPIANTES\u00bbModalidad Virtual a trav\u00e9s de Google Meet Horario S\u00e1bados 9 a 13 hrs del 28 de Enero al 01 de Abril del 2023 Edad 12 a\u00f1os en adelante Duraci\u00f3n 2 meses, 40 horas M\u00f3dulo 1. Realidad(es) \u00a0Absceso emocional \u00a0Trauma(s) \u00a0Castigo \u00a0Espejo M\u00f3dulo [&hellip;]<\/p>\n","protected":false},"author":1,"featured_media":0,"parent":0,"menu_order":0,"comment_status":"closed","ping_status":"closed","template":"","meta":{"_et_pb_use_builder":"on","_et_pb_old_content":"","_et_gb_content_width":"","_monsterinsights_skip_tracking":false,"_monsterinsights_sitenote_active":false,"_monsterinsights_sitenote_note":"","_monsterinsights_sitenote_category":0,"_uf_show_specific_survey":0,"_uf_disable_surveys":false,"footnotes":""},"class_list":["post-2762","page","type-page","status-publish","hentry"],"aioseo_notices":[],"jetpack_sharing_enabled":true,"_links":{"self":[{"href":"https:\/\/ucach.mx\/index.php\/wp-json\/wp\/v2\/pages\/2762","targetHints":{"allow":["GET"]}}],"collection":[{"href":"https:\/\/ucach.mx\/index.php\/wp-json\/wp\/v2\/pages"}],"about":[{"href":"https:\/\/ucach.mx\/index.php\/wp-json\/wp\/v2\/types\/page"}],"author":[{"embeddable":true,"href":"https:\/\/ucach.mx\/index.php\/wp-json\/wp\/v2\/users\/1"}],"replies":[{"embeddable":true,"href":"https:\/\/ucach.mx\/index.php\/wp-json\/wp\/v2\/comments?post=2762"}],"version-history":[{"count":3,"href":"https:\/\/ucach.mx\/index.php\/wp-json\/wp\/v2\/pages\/2762\/revisions"}],"predecessor-version":[{"id":2770,"href":"https:\/\/ucach.mx\/index.php\/wp-json\/wp\/v2\/pages\/2762\/revisions\/2770"}],"wp:attachment":[{"href":"https:\/\/ucach.mx\/index.php\/wp-json\/wp\/v2\/media?parent=2762"}],"curies":[{"name":"wp","href":"https:\/\/api.w.org\/{rel}","templated":true}]}}

Salud mental y disciplina interior. Reflexiones y contribuciones de la psicología para principiantes

<p>[et_pb_section fb_built=»1&#8243; _builder_version=»4.16&#8243; _module_preset=»default» background_color=»#f6f6f6&#8243; locked=»off» global_colors_info=»{}»][et_pb_row _builder_version=»4.16&#8243; _module_preset=»default» custom_padding=»56px|||||» global_colors_info=»{}»][et_pb_column type=»4_4&#8243; _builder_version=»4.16&#8243; _module_preset=»default» global_colors_info=»{}»][et_pb_text _builder_version=»4.19.4&#8243; _module_preset=»default» text_font=»|600|||||||» text_text_color=»#0C71C3&#8243; text_font_size=»36px» text_letter_spacing=»11px» text_line_height=»1.8em» text_orientation=»center» custom_margin=»||29px|||» custom_padding=»2px|||||» text_text_shadow_style=»preset3&#8243; box_shadow_style=»preset4&#8243; box_shadow_blur=»33px» box_shadow_spread=»-21px» box_shadow_color=»#0C71C3&#8243; global_colors_info=»{}»]</p>
<p style="text-align: center;"><strong>CURSO «SALUD MENTAL Y DISCIPLINA INTERIOR. REFLEXIONES Y CONTRIBUCIONES DE LA PSICOLOGÍA PARA PRINCIPIANTES»</strong></p>
<p>[/et_pb_text][/et_pb_column][/et_pb_row][et_pb_row use_custom_gutter=»on» _builder_version=»4.16&#8243; _module_preset=»default» width=»98%» max_width=»1945px» custom_margin=»-63px|auto||auto||» global_colors_info=»{}»][et_pb_column type=»4_4&#8243; _builder_version=»4.16&#8243; _module_preset=»default» global_colors_info=»{}»][et_pb_divider color=»#fecc00&#8243; _builder_version=»4.16&#8243; _module_preset=»default» global_colors_info=»{}»][/et_pb_divider][/et_pb_column][/et_pb_row][et_pb_row column_structure=»1_2,1_2&#8243; use_custom_gutter=»on» gutter_width=»1&#8243; _builder_version=»4.16&#8243; _module_preset=»default» max_width=»1138px» global_colors_info=»{}»][et_pb_column type=»1_2&#8243; _builder_version=»4.16&#8243; _module_preset=»default» global_colors_info=»{}»][et_pb_blurb title=»Descripción del curso» _builder_version=»4.19.4&#8243; _module_preset=»default» header_font=»|600|||||||» header_font_size=»22px» header_letter_spacing=»2px» background_color=»#FFFFFF» height=»332px» custom_padding=»25px|25px|25px|25px|false|false» animation_style=»slide» box_shadow_style=»preset3&#8243; locked=»off» global_colors_info=»{}»]</p>
<h4>Modalidad</h4>
<p>Virtual a través de Google Meet</p>
<h4>Horario</h4>
<p>Sábados 9 a 13 hrs del 28 de Enero al 01 de Abril del 2023</p>
<h4>Edad</h4>
<p>12 años en adelante</p>
<h4>Duración</h4>
<p>2 meses, 40 horas</p>
<p>[/et_pb_blurb][/et_pb_column][et_pb_column type=»1_2&#8243; _builder_version=»4.16&#8243; _module_preset=»default» global_colors_info=»{}»][et_pb_image src=»https://ucach.mx/wp-content/uploads/2022/12/woman-g8e484521c_1920.jpg» title_text=»Salud mental» _builder_version=»4.19.4&#8243; _module_preset=»default» max_height=»332px» custom_margin=»3px|-41px|-2px|49px|false|false» custom_padding=»0px|||0px|false|false» animation_style=»slide» animation_direction=»right» global_colors_info=»{}»][/et_pb_image][/et_pb_column][/et_pb_row][et_pb_row column_structure=»3_5,2_5&#8243; _builder_version=»4.19.1&#8243; _module_preset=»default» global_colors_info=»{}»][et_pb_column type=»3_5&#8243; _builder_version=»4.19.1&#8243; _module_preset=»default» global_colors_info=»{}»][et_pb_blurb title=»PROGRAMA ACADÉMICO» _builder_version=»4.19.4&#8243; _module_preset=»default» header_font=»|600|||||||» header_font_size=»22px» header_letter_spacing=»2px» background_color=»#FFFFFF» custom_padding=»25px||25px||false|false» animation_style=»slide» box_shadow_style=»preset3&#8243; locked=»off» global_colors_info=»{}»]</p>
<ul>
<li>Módulo 1. Realidad(es)
<ol>
<li> Absceso emocional</li>
<li> Trauma(s)</li>
<li> Castigo</li>
<li> Espejo</li>
</ol>
</li>
<li>Módulo 2. Resiliencia
<ol>
<li>Autoconcepto</li>
<li>Dignidad</li>
<li>Voluntad</li>
</ol>
</li>
<li>Módulo 3. Cura
<ol>
<li>Perdón</li>
<li>Amor propio</li>
<li>Libertad</li>
</ol>
</li>
<li>Módulo 4. Conclusiones</li>
</ul>
<p>[/et_pb_blurb][/et_pb_column][et_pb_column type=»2_5&#8243; _builder_version=»4.19.1&#8243; _module_preset=»default» global_colors_info=»{}»][et_pb_blurb title=»VALOR AGREGADO» _builder_version=»4.19.4&#8243; _module_preset=»default» header_font=»|600|||||||» header_font_size=»22px» header_letter_spacing=»2px» background_color=»#FFFFFF» custom_padding=»25px||25px|25px|false|false» animation_style=»slide» box_shadow_style=»preset3&#8243; global_colors_info=»{}»]</p>
<p>Descubrimiento de la propia singularidad como hombre en proceso de hacerse persona potenciando su ser.</p>
<p>[/et_pb_blurb][/et_pb_column][/et_pb_row][/et_pb_section][et_pb_section fb_built=»1&#8243; _builder_version=»4.16&#8243; _module_preset=»default» global_colors_info=»{}»][et_pb_row _builder_version=»4.16&#8243; _module_preset=»default» global_colors_info=»{}»][et_pb_column type=»4_4&#8243; _builder_version=»4.16&#8243; _module_preset=»default» global_colors_info=»{}»][wpforms_selector form_id=»2767&#8243; show_title=»on» _builder_version=»4.19.4&#8243; _module_preset=»default» animation_style=»slide» hover_enabled=»0&#8243; global_colors_info=»{}» sticky_enabled=»0&#8243;][/wpforms_selector][/et_pb_column][/et_pb_row][/et_pb_section][et_pb_section fb_built=»1&#8243; _builder_version=»4.16&#8243; _module_preset=»default» locked=»off» global_colors_info=»{}»][et_pb_row _builder_version=»4.16&#8243; _module_preset=»default» width=»100%» max_width=»1557px» custom_margin=»|auto|-36px|auto||» locked=»off» global_colors_info=»{}»][et_pb_column type=»4_4&#8243; _builder_version=»4.16&#8243; _module_preset=»default» global_colors_info=»{}»][et_pb_divider _builder_version=»4.16&#8243; _module_preset=»default» global_colors_info=»{}»][/et_pb_divider][/et_pb_column][/et_pb_row][et_pb_row _builder_version=»4.16&#8243; _module_preset=»default» locked=»off» global_colors_info=»{}»][et_pb_column type=»4_4&#8243; _builder_version=»4.16&#8243; _module_preset=»default» global_colors_info=»{}»][et_pb_image src=»https://ucach.mx/wp-content/uploads/2021/01/logo-UCACH.png» title_text=»logo UCACH» align=»center» _builder_version=»4.16&#8243; _module_preset=»default» width=»20%» animation_style=»zoom» global_colors_info=»{}»][/et_pb_image][/et_pb_column][/et_pb_row][/et_pb_section]</p>

<p>CURSO «SALUD MENTAL Y DISCIPLINA INTERIOR. REFLEXIONES Y CONTRIBUCIONES DE LA PSICOLOGÍA PARA PRINCIPIANTES»Modalidad Virtual a través de Google Meet Horario Sábados 9 a 13 hrs del 28 de Enero al 01 de Abril del 2023 Edad 12 años en adelante Duración 2 meses, 40 horas Módulo 1. Realidad(es)  Absceso emocional  Trauma(s)  Castigo  Espejo Módulo [&hellip;]</p>
