{"id":2927,"date":"2023-06-11T10:18:42","date_gmt":"2023-06-11T16:18:42","guid":{"rendered":"https:\/\/ucach.mx\/?page_id=2927"},"modified":"2023-06-12T18:24:10","modified_gmt":"2023-06-13T00:24:10","slug":"curso-de-latin","status":"publish","type":"page","link":"https:\/\/ucach.mx\/index.php\/curso-de-latin\/","title":{"rendered":"Curso de Latin"},"content":{"rendered":"<p>[et_pb_section fb_built=\u00bb1&#8243; _builder_version=\u00bb4.16&#8243; _module_preset=\u00bbdefault\u00bb background_color=\u00bb#f6f6f6&#8243; locked=\u00bboff\u00bb global_colors_info=\u00bb{}\u00bb][et_pb_row _builder_version=\u00bb4.16&#8243; _module_preset=\u00bbdefault\u00bb custom_padding=\u00bb56px|||||\u00bb global_colors_info=\u00bb{}\u00bb][et_pb_column type=\u00bb4_4&#8243; _builder_version=\u00bb4.16&#8243; _module_preset=\u00bbdefault\u00bb global_colors_info=\u00bb{}\u00bb][et_pb_text _builder_version=\u00bb4.21.0&#8243; _module_preset=\u00bbdefault\u00bb text_font=\u00bb|600|||||||\u00bb text_text_color=\u00bb#0C71C3&#8243; text_font_size=\u00bb36px\u00bb text_letter_spacing=\u00bb11px\u00bb text_line_height=\u00bb1.8em\u00bb text_orientation=\u00bbcenter\u00bb custom_margin=\u00bb||29px|||\u00bb custom_padding=\u00bb2px|||||\u00bb text_text_shadow_style=\u00bbpreset3&#8243; box_shadow_style=\u00bbpreset4&#8243; box_shadow_blur=\u00bb33px\u00bb box_shadow_spread=\u00bb-21px\u00bb box_shadow_color=\u00bb#0C71C3&#8243; global_colors_info=\u00bb{}\u00bb]<\/p>\n<p style=\"text-align: center;\"><strong>CURSO DE LATIN<\/strong><\/p>\n<p style=\"text-align: center;\">[\/et_pb_text][\/et_pb_column][\/et_pb_row][et_pb_row use_custom_gutter=\u00bbon\u00bb _builder_version=\u00bb4.16&#8243; _module_preset=\u00bbdefault\u00bb width=\u00bb98%\u00bb max_width=\u00bb1945px\u00bb custom_margin=\u00bb-63px|auto||auto||\u00bb global_colors_info=\u00bb{}\u00bb][et_pb_column type=\u00bb4_4&#8243; _builder_version=\u00bb4.16&#8243; _module_preset=\u00bbdefault\u00bb global_colors_info=\u00bb{}\u00bb][et_pb_divider color=\u00bb#fecc00&#8243; _builder_version=\u00bb4.16&#8243; _module_preset=\u00bbdefault\u00bb global_colors_info=\u00bb{}\u00bb][\/et_pb_divider][\/et_pb_column][\/et_pb_row][et_pb_row column_structure=\u00bb1_2,1_2&#8243; use_custom_gutter=\u00bbon\u00bb gutter_width=\u00bb1&#8243; _builder_version=\u00bb4.16&#8243; _module_preset=\u00bbdefault\u00bb max_width=\u00bb1138px\u00bb global_colors_info=\u00bb{}\u00bb][et_pb_column type=\u00bb1_2&#8243; _builder_version=\u00bb4.16&#8243; _module_preset=\u00bbdefault\u00bb global_colors_info=\u00bb{}\u00bb][et_pb_blurb title=\u00bbOBJETIVO\u00bb _builder_version=\u00bb4.21.0&#8243; _module_preset=\u00bbdefault\u00bb header_font=\u00bb|600|||||||\u00bb header_font_size=\u00bb22px\u00bb header_letter_spacing=\u00bb2px\u00bb background_color=\u00bb#FFFFFF\u00bb height=\u00bb332px\u00bb custom_padding=\u00bb25px|25px|25px|25px|false|false\u00bb animation_style=\u00bbslide\u00bb hover_enabled=\u00bb0&#8243; box_shadow_style=\u00bbpreset3&#8243; locked=\u00bboff\u00bb global_colors_info=\u00bb{}\u00bb sticky_enabled=\u00bb0&#8243;]<\/p>\n<p>Obtendr\u00e1s un conocimiento general del acercamiento y traducci\u00f3n de documentos eclesiales as\u00ed como lit\u00fargicos, escritos de autores de los primeros siglos, sin dejar de lado los elementos jur\u00eddicos de la tradici\u00f3n del derecho romano. Te introducir\u00e1s al lat\u00edn y descubrir\u00e1s las ra\u00edces de nuestra lengua espa\u00f1ola<\/p>\n<p>&nbsp;<\/p>\n<p style=\"text-align: justify;\">[\/et_pb_blurb][\/et_pb_column][et_pb_column type=\u00bb1_2&#8243; _builder_version=\u00bb4.16&#8243; _module_preset=\u00bbdefault\u00bb global_colors_info=\u00bb{}\u00bb][et_pb_image src=\u00bbhttps:\/\/ucach.mx\/wp-content\/uploads\/2023\/06\/LATIN.jpg\u00bb title_text=\u00bbLATIN\u00bb _builder_version=\u00bb4.21.0&#8243; _module_preset=\u00bbdefault\u00bb max_height=\u00bb332px\u00bb custom_margin=\u00bb3px|-41px|-2px|49px|false|false\u00bb custom_padding=\u00bb0px|||0px|false|false\u00bb animation_style=\u00bbslide\u00bb animation_direction=\u00bbright\u00bb global_colors_info=\u00bb{}\u00bb][\/et_pb_image][\/et_pb_column][\/et_pb_row][\/et_pb_section][et_pb_section fb_built=\u00bb1&#8243; _builder_version=\u00bb4.16&#8243; _module_preset=\u00bbdefault\u00bb locked=\u00bboff\u00bb global_colors_info=\u00bb{}\u00bb][et_pb_row _builder_version=\u00bb4.17.4&#8243; _module_preset=\u00bbdefault\u00bb global_colors_info=\u00bb{}\u00bb][et_pb_column type=\u00bb4_4&#8243; _builder_version=\u00bb4.17.4&#8243; _module_preset=\u00bbdefault\u00bb global_colors_info=\u00bb{}\u00bb][et_pb_text _builder_version=\u00bb4.21.0&#8243; _module_preset=\u00bbdefault\u00bb animation_style=\u00bbslide\u00bb header_text_shadow_style=\u00bbpreset2&#8243; global_colors_info=\u00bb{}\u00bb]<\/p>\n<h1 style=\"text-align: center;\">PLAN DE ESTUDIO<\/h1>\n<p>[\/et_pb_text][\/et_pb_column][\/et_pb_row][et_pb_row column_structure=\u00bb1_2,1_2&#8243; _builder_version=\u00bb4.16&#8243; _module_preset=\u00bbdefault\u00bb custom_padding=\u00bb|||0px||\u00bb animation_style=\u00bbzoom\u00bb global_colors_info=\u00bb{}\u00bb][et_pb_column type=\u00bb1_2&#8243; _builder_version=\u00bb4.16&#8243; _module_preset=\u00bbdefault\u00bb global_colors_info=\u00bb{}\u00bb][et_pb_blurb _builder_version=\u00bb4.21.0&#8243; _module_preset=\u00bbdefault\u00bb custom_padding=\u00bb1px|||||\u00bb border_style_all=\u00bbnone\u00bb global_colors_info=\u00bb{}\u00bb]<\/p>\n<ul>\n<li>Tema 1. El alfabeto y su clasficaci\u00f3n.<\/li>\n<li>Tema 2. Principios de morfosintaxis.<\/li>\n<li>Tema 3. La primera y segunda declinaci\u00f3n: sustantivos y adjetivos masculinos y femeninos y los primeros verbos en presente indicativo.<\/li>\n<li>Tema 4. Los enunciados copulativos latinos y la importancia del nominativo como sujeto y predicado nominal.<\/li>\n<li>Tema 5. Los enunciados transitivos e intransitivos latinos y la importancia del acusativo como objeto directo de la acci\u00f3n.<\/li>\n<li>Tema 6. El complemento determinativo latino: uso del genitivo. Morfolog\u00eda del imperfecto indicativo del verbo sum.<\/li>\n<\/ul>\n<p>[\/et_pb_blurb][\/et_pb_column][et_pb_column type=\u00bb1_2&#8243; _builder_version=\u00bb4.16&#8243; _module_preset=\u00bbdefault\u00bb global_colors_info=\u00bb{}\u00bb][et_pb_text _builder_version=\u00bb4.21.0&#8243; _module_preset=\u00bbdefault\u00bb global_colors_info=\u00bb{}\u00bb]<\/p>\n<ul>\n<li>Tema 7. Las funciones del dativo y el ablativo: el complemento circunstancial y el objeto indirecto. Morfolog\u00eda del imperfecto indicativo (ERA, AMABAM).<\/li>\n<li>Tema 8. La morfosintaxis de los casos.<\/li>\n<li>Tema 9. La segunda declinaci\u00f3n sustantivos en -US, -I (SERVUS, SERVI). Morfolog\u00eda del futuro indicativo del verbo SUM (-ERI-) Y EL VERBO AMARE (-BI-).<\/li>\n<li>Tema 10. La segunda declinaci\u00f3n sustantivos en -ER, -I (PUER, PUERI).<\/li>\n<li>Tema 11. La segunda declinaci\u00f3n sustantivos neutros en -UM, -I (TEMPLUM, TEMPLI).<\/li>\n<li>Tema 12. Los adjetivos latinos.<\/li>\n<li>Tema 13. La tercera declinaci\u00f3n y su particularidades.<\/li>\n<li>Tema 14. La cuarta y quinta declinaci\u00f3n.<\/li>\n<\/ul>\n<p>[\/et_pb_text][\/et_pb_column][\/et_pb_row][\/et_pb_section][et_pb_section fb_built=\u00bb1&#8243; _builder_version=\u00bb4.16&#8243; _module_preset=\u00bbdefault\u00bb background_color=\u00bb#f7f7f7&#8243; locked=\u00bboff\u00bb global_colors_info=\u00bb{}\u00bb][et_pb_row _builder_version=\u00bb4.17.4&#8243; _module_preset=\u00bbdefault\u00bb global_colors_info=\u00bb{}\u00bb][et_pb_column type=\u00bb4_4&#8243; _builder_version=\u00bb4.17.4&#8243; _module_preset=\u00bbdefault\u00bb global_colors_info=\u00bb{}\u00bb][et_pb_text _builder_version=\u00bb4.17.4&#8243; _module_preset=\u00bbdefault\u00bb animation_style=\u00bbslide\u00bb header_text_shadow_style=\u00bbpreset2&#8243; global_colors_info=\u00bb{}\u00bb]<\/p>\n<h1 style=\"text-align: center;\">HORARIOS\u00a0<\/h1>\n<p>[\/et_pb_text][\/et_pb_column][\/et_pb_row][et_pb_row _builder_version=\u00bb4.17.4&#8243; _module_preset=\u00bbdefault\u00bb global_colors_info=\u00bb{}\u00bb][et_pb_column type=\u00bb4_4&#8243; _builder_version=\u00bb4.17.4&#8243; _module_preset=\u00bbdefault\u00bb global_colors_info=\u00bb{}\u00bb][et_pb_text _builder_version=\u00bb4.21.0&#8243; _module_preset=\u00bbdefault\u00bb custom_padding=\u00bb|||40px|false|false\u00bb animation_style=\u00bbslide\u00bb global_colors_info=\u00bb{}\u00bb]<\/p>\n<h4>Modalidad<\/h4>\n<p>Presencial<\/p>\n<h4>Horario<\/h4>\n<p>&nbsp;<\/p>\n<h4>Fechas<\/h4>\n<p>&nbsp;<\/p>\n<h4>Duraci\u00f3n<\/h4>\n<p>40 horas<\/p>\n<p>[\/et_pb_text][\/et_pb_column][\/et_pb_row][\/et_pb_section][et_pb_section fb_built=\u00bb1&#8243; _builder_version=\u00bb4.16&#8243; _module_preset=\u00bbdefault\u00bb global_colors_info=\u00bb{}\u00bb][et_pb_row _builder_version=\u00bb4.16&#8243; _module_preset=\u00bbdefault\u00bb global_colors_info=\u00bb{}\u00bb][et_pb_column type=\u00bb4_4&#8243; _builder_version=\u00bb4.16&#8243; _module_preset=\u00bbdefault\u00bb global_colors_info=\u00bb{}\u00bb][wpforms_selector form_id=\u00bb2924&#8243; show_title=\u00bbon\u00bb _builder_version=\u00bb4.21.0&#8243; _module_preset=\u00bbdefault\u00bb animation_style=\u00bbslide\u00bb global_colors_info=\u00bb{}\u00bb][\/wpforms_selector][\/et_pb_column][\/et_pb_row][\/et_pb_section][et_pb_section fb_built=\u00bb1&#8243; _builder_version=\u00bb4.16&#8243; _module_preset=\u00bbdefault\u00bb locked=\u00bboff\u00bb global_colors_info=\u00bb{}\u00bb][et_pb_row _builder_version=\u00bb4.16&#8243; _module_preset=\u00bbdefault\u00bb width=\u00bb100%\u00bb max_width=\u00bb1557px\u00bb custom_margin=\u00bb|auto|-36px|auto||\u00bb locked=\u00bboff\u00bb global_colors_info=\u00bb{}\u00bb][et_pb_column type=\u00bb4_4&#8243; _builder_version=\u00bb4.16&#8243; _module_preset=\u00bbdefault\u00bb global_colors_info=\u00bb{}\u00bb][et_pb_divider _builder_version=\u00bb4.16&#8243; _module_preset=\u00bbdefault\u00bb global_colors_info=\u00bb{}\u00bb][\/et_pb_divider][\/et_pb_column][\/et_pb_row][et_pb_row _builder_version=\u00bb4.16&#8243; _module_preset=\u00bbdefault\u00bb locked=\u00bboff\u00bb global_colors_info=\u00bb{}\u00bb][et_pb_column type=\u00bb4_4&#8243; _builder_version=\u00bb4.16&#8243; _module_preset=\u00bbdefault\u00bb global_colors_info=\u00bb{}\u00bb][et_pb_image src=\u00bbhttps:\/\/ucach.mx\/wp-content\/uploads\/2021\/01\/logo-UCACH.png\u00bb title_text=\u00bblogo UCACH\u00bb align=\u00bbcenter\u00bb _builder_version=\u00bb4.16&#8243; _module_preset=\u00bbdefault\u00bb width=\u00bb20%\u00bb animation_style=\u00bbzoom\u00bb global_colors_info=\u00bb{}\u00bb][\/et_pb_image][\/et_pb_column][\/et_pb_row][\/et_pb_section]<\/p>\n","protected":false},"excerpt":{"rendered":"<p>CURSO DE LATIN Obtendr\u00e1s un conocimiento general del acercamiento y traducci\u00f3n de documentos eclesiales as\u00ed como lit\u00fargicos, escritos de autores de los primeros siglos, sin dejar de lado los elementos jur\u00eddicos de la tradici\u00f3n del derecho romano. Te introducir\u00e1s al lat\u00edn y descubrir\u00e1s las ra\u00edces de nuestra lengua espa\u00f1ola &nbsp; PLAN DE ESTUDIO Tema 1. [&hellip;]<\/p>\n","protected":false},"author":1,"featured_media":0,"parent":0,"menu_order":0,"comment_status":"closed","ping_status":"closed","template":"","meta":{"_et_pb_use_builder":"on","_et_pb_old_content":"<!-- wp:divi\/placeholder \/-->","_et_gb_content_width":"","_monsterinsights_skip_tracking":false,"_monsterinsights_sitenote_active":false,"_monsterinsights_sitenote_note":"","_monsterinsights_sitenote_category":0,"_uf_show_specific_survey":0,"_uf_disable_surveys":false,"footnotes":""},"class_list":["post-2927","page","type-page","status-publish","hentry"],"aioseo_notices":[],"jetpack_sharing_enabled":true,"_links":{"self":[{"href":"https:\/\/ucach.mx\/index.php\/wp-json\/wp\/v2\/pages\/2927","targetHints":{"allow":["GET"]}}],"collection":[{"href":"https:\/\/ucach.mx\/index.php\/wp-json\/wp\/v2\/pages"}],"about":[{"href":"https:\/\/ucach.mx\/index.php\/wp-json\/wp\/v2\/types\/page"}],"author":[{"embeddable":true,"href":"https:\/\/ucach.mx\/index.php\/wp-json\/wp\/v2\/users\/1"}],"replies":[{"embeddable":true,"href":"https:\/\/ucach.mx\/index.php\/wp-json\/wp\/v2\/comments?post=2927"}],"version-history":[{"count":5,"href":"https:\/\/ucach.mx\/index.php\/wp-json\/wp\/v2\/pages\/2927\/revisions"}],"predecessor-version":[{"id":2982,"href":"https:\/\/ucach.mx\/index.php\/wp-json\/wp\/v2\/pages\/2927\/revisions\/2982"}],"wp:attachment":[{"href":"https:\/\/ucach.mx\/index.php\/wp-json\/wp\/v2\/media?parent=2927"}],"curies":[{"name":"wp","href":"https:\/\/api.w.org\/{rel}","templated":true}]}}

<p>[et_pb_section fb_built=»1&#8243; _builder_version=»4.16&#8243; _module_preset=»default» background_color=»#f6f6f6&#8243; locked=»off» global_colors_info=»{}»][et_pb_row _builder_version=»4.16&#8243; _module_preset=»default» custom_padding=»56px|||||» global_colors_info=»{}»][et_pb_column type=»4_4&#8243; _builder_version=»4.16&#8243; _module_preset=»default» global_colors_info=»{}»][et_pb_text _builder_version=»4.21.0&#8243; _module_preset=»default» text_font=»|600|||||||» text_text_color=»#0C71C3&#8243; text_font_size=»36px» text_letter_spacing=»11px» text_line_height=»1.8em» text_orientation=»center» custom_margin=»||29px|||» custom_padding=»2px|||||» text_text_shadow_style=»preset3&#8243; box_shadow_style=»preset4&#8243; box_shadow_blur=»33px» box_shadow_spread=»-21px» box_shadow_color=»#0C71C3&#8243; global_colors_info=»{}»]</p>
<p style="text-align: center;"><strong>CURSO DE LATIN</strong></p>
<p style="text-align: center;">[/et_pb_text][/et_pb_column][/et_pb_row][et_pb_row use_custom_gutter=»on» _builder_version=»4.16&#8243; _module_preset=»default» width=»98%» max_width=»1945px» custom_margin=»-63px|auto||auto||» global_colors_info=»{}»][et_pb_column type=»4_4&#8243; _builder_version=»4.16&#8243; _module_preset=»default» global_colors_info=»{}»][et_pb_divider color=»#fecc00&#8243; _builder_version=»4.16&#8243; _module_preset=»default» global_colors_info=»{}»][/et_pb_divider][/et_pb_column][/et_pb_row][et_pb_row column_structure=»1_2,1_2&#8243; use_custom_gutter=»on» gutter_width=»1&#8243; _builder_version=»4.16&#8243; _module_preset=»default» max_width=»1138px» global_colors_info=»{}»][et_pb_column type=»1_2&#8243; _builder_version=»4.16&#8243; _module_preset=»default» global_colors_info=»{}»][et_pb_blurb title=»OBJETIVO» _builder_version=»4.21.0&#8243; _module_preset=»default» header_font=»|600|||||||» header_font_size=»22px» header_letter_spacing=»2px» background_color=»#FFFFFF» height=»332px» custom_padding=»25px|25px|25px|25px|false|false» animation_style=»slide» hover_enabled=»0&#8243; box_shadow_style=»preset3&#8243; locked=»off» global_colors_info=»{}» sticky_enabled=»0&#8243;]</p>
<p>Obtendrás un conocimiento general del acercamiento y traducción de documentos eclesiales así como litúrgicos, escritos de autores de los primeros siglos, sin dejar de lado los elementos jurídicos de la tradición del derecho romano. Te introducirás al latín y descubrirás las raíces de nuestra lengua española</p>
<p>&nbsp;</p>
<p style="text-align: justify;">[/et_pb_blurb][/et_pb_column][et_pb_column type=»1_2&#8243; _builder_version=»4.16&#8243; _module_preset=»default» global_colors_info=»{}»][et_pb_image src=»https://ucach.mx/wp-content/uploads/2023/06/LATIN.jpg» title_text=»LATIN» _builder_version=»4.21.0&#8243; _module_preset=»default» max_height=»332px» custom_margin=»3px|-41px|-2px|49px|false|false» custom_padding=»0px|||0px|false|false» animation_style=»slide» animation_direction=»right» global_colors_info=»{}»][/et_pb_image][/et_pb_column][/et_pb_row][/et_pb_section][et_pb_section fb_built=»1&#8243; _builder_version=»4.16&#8243; _module_preset=»default» locked=»off» global_colors_info=»{}»][et_pb_row _builder_version=»4.17.4&#8243; _module_preset=»default» global_colors_info=»{}»][et_pb_column type=»4_4&#8243; _builder_version=»4.17.4&#8243; _module_preset=»default» global_colors_info=»{}»][et_pb_text _builder_version=»4.21.0&#8243; _module_preset=»default» animation_style=»slide» header_text_shadow_style=»preset2&#8243; global_colors_info=»{}»]</p>
<h1 style="text-align: center;">PLAN DE ESTUDIO</h1>
<p>[/et_pb_text][/et_pb_column][/et_pb_row][et_pb_row column_structure=»1_2,1_2&#8243; _builder_version=»4.16&#8243; _module_preset=»default» custom_padding=»|||0px||» animation_style=»zoom» global_colors_info=»{}»][et_pb_column type=»1_2&#8243; _builder_version=»4.16&#8243; _module_preset=»default» global_colors_info=»{}»][et_pb_blurb _builder_version=»4.21.0&#8243; _module_preset=»default» custom_padding=»1px|||||» border_style_all=»none» global_colors_info=»{}»]</p>
<ul>
<li>Tema 1. El alfabeto y su clasficación.</li>
<li>Tema 2. Principios de morfosintaxis.</li>
<li>Tema 3. La primera y segunda declinación: sustantivos y adjetivos masculinos y femeninos y los primeros verbos en presente indicativo.</li>
<li>Tema 4. Los enunciados copulativos latinos y la importancia del nominativo como sujeto y predicado nominal.</li>
<li>Tema 5. Los enunciados transitivos e intransitivos latinos y la importancia del acusativo como objeto directo de la acción.</li>
<li>Tema 6. El complemento determinativo latino: uso del genitivo. Morfología del imperfecto indicativo del verbo sum.</li>
</ul>
<p>[/et_pb_blurb][/et_pb_column][et_pb_column type=»1_2&#8243; _builder_version=»4.16&#8243; _module_preset=»default» global_colors_info=»{}»][et_pb_text _builder_version=»4.21.0&#8243; _module_preset=»default» global_colors_info=»{}»]</p>
<ul>
<li>Tema 7. Las funciones del dativo y el ablativo: el complemento circunstancial y el objeto indirecto. Morfología del imperfecto indicativo (ERA, AMABAM).</li>
<li>Tema 8. La morfosintaxis de los casos.</li>
<li>Tema 9. La segunda declinación sustantivos en -US, -I (SERVUS, SERVI). Morfología del futuro indicativo del verbo SUM (-ERI-) Y EL VERBO AMARE (-BI-).</li>
<li>Tema 10. La segunda declinación sustantivos en -ER, -I (PUER, PUERI).</li>
<li>Tema 11. La segunda declinación sustantivos neutros en -UM, -I (TEMPLUM, TEMPLI).</li>
<li>Tema 12. Los adjetivos latinos.</li>
<li>Tema 13. La tercera declinación y su particularidades.</li>
<li>Tema 14. La cuarta y quinta declinación.</li>
</ul>
<p>[/et_pb_text][/et_pb_column][/et_pb_row][/et_pb_section][et_pb_section fb_built=»1&#8243; _builder_version=»4.16&#8243; _module_preset=»default» background_color=»#f7f7f7&#8243; locked=»off» global_colors_info=»{}»][et_pb_row _builder_version=»4.17.4&#8243; _module_preset=»default» global_colors_info=»{}»][et_pb_column type=»4_4&#8243; _builder_version=»4.17.4&#8243; _module_preset=»default» global_colors_info=»{}»][et_pb_text _builder_version=»4.17.4&#8243; _module_preset=»default» animation_style=»slide» header_text_shadow_style=»preset2&#8243; global_colors_info=»{}»]</p>
<h1 style="text-align: center;">HORARIOS </h1>
<p>[/et_pb_text][/et_pb_column][/et_pb_row][et_pb_row _builder_version=»4.17.4&#8243; _module_preset=»default» global_colors_info=»{}»][et_pb_column type=»4_4&#8243; _builder_version=»4.17.4&#8243; _module_preset=»default» global_colors_info=»{}»][et_pb_text _builder_version=»4.21.0&#8243; _module_preset=»default» custom_padding=»|||40px|false|false» animation_style=»slide» global_colors_info=»{}»]</p>
<h4>Modalidad</h4>
<p>Presencial</p>
<h4>Horario</h4>
<p>&nbsp;</p>
<h4>Fechas</h4>
<p>&nbsp;</p>
<h4>Duración</h4>
<p>40 horas</p>
<p>[/et_pb_text][/et_pb_column][/et_pb_row][/et_pb_section][et_pb_section fb_built=»1&#8243; _builder_version=»4.16&#8243; _module_preset=»default» global_colors_info=»{}»][et_pb_row _builder_version=»4.16&#8243; _module_preset=»default» global_colors_info=»{}»][et_pb_column type=»4_4&#8243; _builder_version=»4.16&#8243; _module_preset=»default» global_colors_info=»{}»][wpforms_selector form_id=»2924&#8243; show_title=»on» _builder_version=»4.21.0&#8243; _module_preset=»default» animation_style=»slide» global_colors_info=»{}»][/wpforms_selector][/et_pb_column][/et_pb_row][/et_pb_section][et_pb_section fb_built=»1&#8243; _builder_version=»4.16&#8243; _module_preset=»default» locked=»off» global_colors_info=»{}»][et_pb_row _builder_version=»4.16&#8243; _module_preset=»default» width=»100%» max_width=»1557px» custom_margin=»|auto|-36px|auto||» locked=»off» global_colors_info=»{}»][et_pb_column type=»4_4&#8243; _builder_version=»4.16&#8243; _module_preset=»default» global_colors_info=»{}»][et_pb_divider _builder_version=»4.16&#8243; _module_preset=»default» global_colors_info=»{}»][/et_pb_divider][/et_pb_column][/et_pb_row][et_pb_row _builder_version=»4.16&#8243; _module_preset=»default» locked=»off» global_colors_info=»{}»][et_pb_column type=»4_4&#8243; _builder_version=»4.16&#8243; _module_preset=»default» global_colors_info=»{}»][et_pb_image src=»https://ucach.mx/wp-content/uploads/2021/01/logo-UCACH.png» title_text=»logo UCACH» align=»center» _builder_version=»4.16&#8243; _module_preset=»default» width=»20%» animation_style=»zoom» global_colors_info=»{}»][/et_pb_image][/et_pb_column][/et_pb_row][/et_pb_section]</p>

<p>CURSO DE LATIN Obtendrás un conocimiento general del acercamiento y traducción de documentos eclesiales así como litúrgicos, escritos de autores de los primeros siglos, sin dejar de lado los elementos jurídicos de la tradición del derecho romano. Te introducirás al latín y descubrirás las raíces de nuestra lengua española &nbsp; PLAN DE ESTUDIO Tema 1. [&hellip;]</p>
