{"id":69,"date":"2021-01-21T20:53:55","date_gmt":"2021-01-21T20:53:55","guid":{"rendered":"https:\/\/ucach.mx\/?page_id=69"},"modified":"2025-08-28T11:58:21","modified_gmt":"2025-08-28T17:58:21","slug":"historia","status":"publish","type":"page","link":"https:\/\/ucach.mx\/index.php\/historia\/","title":{"rendered":"HISTORIA"},"content":{"rendered":"<p>[et_pb_section fb_built=\u00bb1&#8243; _builder_version=\u00bb4.16&#8243; _module_preset=\u00bbdefault\u00bb global_colors_info=\u00bb{}\u00bb][et_pb_row _builder_version=\u00bb4.16&#8243; _module_preset=\u00bbdefault\u00bb hover_enabled=\u00bb0&#8243; global_colors_info=\u00bb{}\u00bb sticky_enabled=\u00bb0&#8243;][et_pb_column type=\u00bb4_4&#8243; _builder_version=\u00bb4.16&#8243; _module_preset=\u00bbdefault\u00bb global_colors_info=\u00bb{}\u00bb][et_pb_blurb title=\u00bbHISTORIA\u00bb _builder_version=\u00bb4.16&#8243; _module_preset=\u00bbdefault\u00bb header_font=\u00bb|700|||||||\u00bb header_text_align=\u00bbleft\u00bb header_font_size=\u00bb24px\u00bb header_letter_spacing=\u00bb2px\u00bb background_enable_color=\u00bboff\u00bb width=\u00bb47%\u00bb custom_padding=\u00bb6px|0px|0px|0px|false|false\u00bb animation_style=\u00bbfade\u00bb global_colors_info=\u00bb{}\u00bb][\/et_pb_blurb][\/et_pb_column][\/et_pb_row][\/et_pb_section][et_pb_section fb_built=\u00bb1&#8243; _builder_version=\u00bb4.16&#8243; _module_preset=\u00bbdefault\u00bb background_color=\u00bb#f4f4f4&#8243; hover_enabled=\u00bb0&#8243; locked=\u00bboff\u00bb global_colors_info=\u00bb{}\u00bb sticky_enabled=\u00bb0&#8243;][et_pb_row column_structure=\u00bb1_2,1_2&#8243; custom_padding_last_edited=\u00bbon|phone\u00bb _builder_version=\u00bb4.27.4&#8243; _module_preset=\u00bbdefault\u00bb background_color=\u00bb#ffffff\u00bb custom_padding=\u00bb||||false|false\u00bb custom_padding_tablet=\u00bb||||false|false\u00bb custom_padding_phone=\u00bb0px||||false|false\u00bb hover_enabled=\u00bb0&#8243; global_colors_info=\u00bb{}\u00bb sticky_enabled=\u00bb0&#8243;][et_pb_column type=\u00bb1_2&#8243; _builder_version=\u00bb4.16&#8243; _module_preset=\u00bbdefault\u00bb background_color=\u00bb#fecc00&#8243; custom_padding=\u00bb80px|30px|30px|30px|false|false\u00bb custom_padding_tablet=\u00bb20px|30px|10px|30px|false|false\u00bb custom_padding_phone=\u00bb20px|30px|10px|30px|false|false\u00bb custom_padding_last_edited=\u00bbon|tablet\u00bb animation_style=\u00bbslide\u00bb global_colors_info=\u00bb{}\u00bb][et_pb_text _builder_version=\u00bb4.27.4&#8243; _module_preset=\u00bbdefault\u00bb text_font_size=\u00bb14px\u00bb hover_enabled=\u00bb0&#8243; global_colors_info=\u00bb{}\u00bb sticky_enabled=\u00bb0&#8243; text_text_color=\u00bb#000000&#8243; inline_fonts=\u00bbArial\u00bb]<\/p>\n<h2 class=\"collapsible-header active\"><span style=\"color: #013d75;\"><strong>IDEARIO<\/strong><\/span><\/h2>\n<p>&nbsp;<\/p>\n<div class=\"collapsible-body\">\n<p style=\"text-align: justify;\"><span style=\"font-size: large; font-family: Arial; color: #013d75;\">La UCACH nace para responder a la necesidad de promover al ser humano integral a trav\u00e9s de la educaci\u00f3n de inspiraci\u00f3n cristiana, cient\u00edfica, val\u00f3rica y contextual, a fin de formarlo para responder a los desaf\u00edos de su plenitud individual, social y cultural. Siendo una comunidad acad\u00e9mica, de modo riguroso y cr\u00edtico, contribuye a la tutela y desarrollo de la dignidad humana y de la herencia cultural mediante la investigaci\u00f3n, la ense\u00f1anza y los diversos servicios ofrecidos a las comunidad humana, integrando Ciencia, Fe, Raz\u00f3n, \u00c9tica y Trascendencia.<\/span><\/p>\n<p style=\"text-align: justify;\">\n<\/div>\n<p>[\/et_pb_text][\/et_pb_column][et_pb_column type=\u00bb1_2&#8243; _builder_version=\u00bb4.16&#8243; _module_preset=\u00bbdefault\u00bb global_colors_info=\u00bb{}\u00bb][et_pb_image src=\u00bbhttps:\/\/ucach.mx\/wp-content\/uploads\/2021\/01\/Filosofia.jpg\u00bb title_text=\u00bbFilosof\u00eda\u00bb align=\u00bbcenter\u00bb _builder_version=\u00bb4.16&#8243; _module_preset=\u00bbdefault\u00bb module_alignment=\u00bbcenter\u00bb animation_style=\u00bbslide\u00bb animation_direction=\u00bbright\u00bb global_colors_info=\u00bb{}\u00bb][\/et_pb_image][\/et_pb_column][\/et_pb_row][et_pb_row column_structure=\u00bb1_3,2_3&#8243; use_custom_gutter=\u00bbon\u00bb custom_padding_last_edited=\u00bbon|phone\u00bb _builder_version=\u00bb4.16&#8243; _module_preset=\u00bbdefault\u00bb background_color=\u00bb#ffffff\u00bb custom_margin=\u00bb||||false|false\u00bb custom_padding=\u00bb||||false|false\u00bb custom_padding_tablet=\u00bb||||false|false\u00bb custom_padding_phone=\u00bb||0px||false|false\u00bb global_colors_info=\u00bb{}\u00bb][et_pb_column type=\u00bb1_3&#8243; _builder_version=\u00bb4.16&#8243; _module_preset=\u00bbdefault\u00bb global_colors_info=\u00bb{}\u00bb][et_pb_image src=\u00bbhttps:\/\/ucach.mx\/wp-content\/uploads\/2021\/03\/escudo-ucach.png\u00bb title_text=\u00bbescudo ucach\u00bb align=\u00bbcenter\u00bb _builder_version=\u00bb4.16&#8243; _module_preset=\u00bbdefault\u00bb width=\u00bb83%\u00bb module_alignment=\u00bbcenter\u00bb custom_margin=\u00bb70px||||false|false\u00bb animation_style=\u00bbslide\u00bb global_colors_info=\u00bb{}\u00bb][\/et_pb_image][\/et_pb_column][et_pb_column type=\u00bb2_3&#8243; _builder_version=\u00bb4.16&#8243; _module_preset=\u00bbdefault\u00bb background_color=\u00bb#fecc00&#8243; custom_padding=\u00bb||||false|false\u00bb animation_style=\u00bbslide\u00bb global_colors_info=\u00bb{}\u00bb][et_pb_text _builder_version=\u00bb4.27.4&#8243; _module_preset=\u00bbdefault\u00bb text_font_size=\u00bb14px\u00bb custom_padding=\u00bb80px|30px|30px|30px|false|false\u00bb custom_padding_tablet=\u00bb30px|30px|30px|30px|false|false\u00bb custom_padding_phone=\u00bb30px|30px|30px|30px|false|false\u00bb custom_padding_last_edited=\u00bbon|tablet\u00bb global_colors_info=\u00bb{}\u00bb inline_fonts=\u00bbArial\u00bb]<\/p>\n<div class=\"collapsible-header active\" style=\"text-align: justify;\"><span style=\"color: #013d75; font-family: Arial; font-weight: normal; font-size: large;\">La Universidad Teol\u00f3gica de Chiapas Juan Pablo II, es una iniciativa de la Arquidi\u00f3cesis de Tuxtla, para promover la educaci\u00f3n integral, profesional, inspir\u00e1ndose en el pensamiento cristiano y de la Iglesia en di\u00e1logo con las ciencias, a fin de responder a los desaf\u00edos de la sociedad actual desde un enfoque \u00e9tico y principios que permitan una concepci\u00f3n integradora de la persona, del mundo y del sentido trascendente de la vida.<\/span><br \/><span style=\"color: #013d75; font-family: Arial; font-weight: normal; font-size: large;\"><strong><\/strong><\/span><\/div>\n<div class=\"collapsible-header active\" style=\"text-align: justify;\"><span style=\"color: #013d75; font-family: Arial; font-weight: normal; font-size: large;\"><\/span><\/div>\n<div class=\"collapsible-header active\" style=\"text-align: justify;\"><span style=\"color: #013d75; font-family: Arial; font-weight: normal; font-size: large;\"><\/span><\/div>\n<div class=\"collapsible-header active\" style=\"text-align: justify;\"><span style=\"color: #013d75; font-family: Arial; font-weight: normal; font-size: large;\"><\/span><\/div>\n<div class=\"collapsible-header active\" style=\"text-align: justify;\"><span style=\"color: #013d75; font-family: Arial; font-weight: normal; font-size: large;\"><\/span><\/div>\n<div class=\"collapsible-body\">\n<p><span style=\"font-family: Arial; font-weight: normal; font-size: large; color: #013d75;\"><\/span><\/p>\n<p><span style=\"font-family: Arial; font-weight: normal; font-size: large; color: #013d75;\">La intenci\u00f3n fundamental es la de promover personas \u00edntegras, desde una visi\u00f3n humanista y cristiana, con una educaci\u00f3n integral, es decir, con conocimientos acad\u00e9micos, actitudes humanistas y habilidades profesionales, a fin de que sean capaces de insertarse en la realidad actual con sus desaf\u00edos e interpretarla, para responder a las inquietudes del hombre de hoy con propuestas creativas, claras y definidas, que iluminen a su vez los procesos de transformaci\u00f3n del contexto.<\/span><\/p>\n<p><span style=\"font-family: Arial; font-weight: normal; font-size: large; color: #013d75;\"><\/span><\/p>\n<div class=\"collapsible-body\">\n<h1><span style=\"color: #013d75;\"><strong>CLAVE INSTITUCIONAL ANTE LA SEP<\/strong><\/span><\/h1>\n<p style=\"text-align: justify;\"><span style=\"font-size: large; color: #013d75; font-family: Arial;\"><br \/>Seg\u00fan acuerdo con la Secretar\u00eda de Educaci\u00f3n P\u00fablica, a trav\u00e9s de la Subsecretar\u00eda de Educaci\u00f3n Superior, de la Direcci\u00f3n General de Profesiones, de la Direcci\u00f3n de Autorizaci\u00f3n y Registro Profesional y del Departamento de Instituciones Educativas, se emiti\u00f3 el registro de establecimiento educativo a favor de la Universidad Teol\u00f3gica de Chiapas Juan Pablo II, con clave de Instituci\u00f3n 070314, misma con domicilio en calle Uruguay N\u00famero 500-A, Col. El Retiro. C.P. 29040 en Tuxtla Guti\u00e9rrez, Chiapas.<\/span><\/p>\n<\/div>\n<\/div>\n<p>[\/et_pb_text][\/et_pb_column][\/et_pb_row][\/et_pb_section]<\/p>\n","protected":false},"excerpt":{"rendered":"<p>IDEARIO &nbsp; La UCACH nace para responder a la necesidad de promover al ser humano integral a trav\u00e9s de la educaci\u00f3n de inspiraci\u00f3n cristiana, cient\u00edfica, val\u00f3rica y contextual, a fin de formarlo para responder a los desaf\u00edos de su plenitud individual, social y cultural. Siendo una comunidad acad\u00e9mica, de modo riguroso y cr\u00edtico, contribuye a [&hellip;]<\/p>\n","protected":false},"author":1,"featured_media":0,"parent":0,"menu_order":0,"comment_status":"closed","ping_status":"closed","template":"","meta":{"_et_pb_use_builder":"on","_et_pb_old_content":"<!-- wp:divi\/placeholder \/-->","_et_gb_content_width":"","_monsterinsights_skip_tracking":false,"_monsterinsights_sitenote_active":false,"_monsterinsights_sitenote_note":"","_monsterinsights_sitenote_category":0,"_uf_show_specific_survey":0,"_uf_disable_surveys":false,"footnotes":""},"class_list":["post-69","page","type-page","status-publish","hentry"],"aioseo_notices":[],"jetpack_sharing_enabled":true,"_links":{"self":[{"href":"https:\/\/ucach.mx\/index.php\/wp-json\/wp\/v2\/pages\/69","targetHints":{"allow":["GET"]}}],"collection":[{"href":"https:\/\/ucach.mx\/index.php\/wp-json\/wp\/v2\/pages"}],"about":[{"href":"https:\/\/ucach.mx\/index.php\/wp-json\/wp\/v2\/types\/page"}],"author":[{"embeddable":true,"href":"https:\/\/ucach.mx\/index.php\/wp-json\/wp\/v2\/users\/1"}],"replies":[{"embeddable":true,"href":"https:\/\/ucach.mx\/index.php\/wp-json\/wp\/v2\/comments?post=69"}],"version-history":[{"count":35,"href":"https:\/\/ucach.mx\/index.php\/wp-json\/wp\/v2\/pages\/69\/revisions"}],"predecessor-version":[{"id":4159,"href":"https:\/\/ucach.mx\/index.php\/wp-json\/wp\/v2\/pages\/69\/revisions\/4159"}],"wp:attachment":[{"href":"https:\/\/ucach.mx\/index.php\/wp-json\/wp\/v2\/media?parent=69"}],"curies":[{"name":"wp","href":"https:\/\/api.w.org\/{rel}","templated":true}]}}